Last updated on 2025-11-27 13:48:51 CET.
| Flavor | Version | Tinstall | Tcheck | Ttotal | Status | Flags |
|---|---|---|---|---|---|---|
| r-devel-linux-x86_64-debian-clang | 0.0.1.1 | 30.21 | 186.46 | 216.67 | OK | |
| r-devel-linux-x86_64-debian-gcc | 0.0.1.1 | 20.08 | 115.12 | 135.20 | OK | |
| r-devel-linux-x86_64-fedora-clang | 0.0.1.1 | 74.00 | 282.69 | 356.69 | OK | |
| r-devel-linux-x86_64-fedora-gcc | 0.0.1.1 | 59.00 | 281.39 | 340.39 | OK | |
| r-devel-windows-x86_64 | 0.0.1.1 | 34.00 | 164.00 | 198.00 | OK | |
| r-patched-linux-x86_64 | 0.0.1.1 | 28.00 | 180.24 | 208.24 | OK | |
| r-release-linux-x86_64 | 0.0.1.1 | 30.08 | 181.11 | 211.19 | OK | |
| r-release-macos-arm64 | 0.0.1.1 | 1.00 | 4.00 | 5.00 | ERROR | |
| r-release-macos-x86_64 | 0.0.1.1 | 11.00 | 14.00 | 25.00 | ERROR | |
| r-release-windows-x86_64 | 0.0.1.1 | 28.00 | 185.00 | 213.00 | OK | |
| r-oldrel-macos-arm64 | 0.0.1.1 | 1.00 | 9.00 | 10.00 | ERROR | |
| r-oldrel-macos-x86_64 | 0.0.1.1 | 18.00 | 18.00 | 36.00 | ERROR | |
| r-oldrel-windows-x86_64 | 0.0.1.1 | 42.00 | 229.00 | 271.00 | NOTE |
Version: 0.0.1.1
Check: whether package can be installed
Result: ERROR
Installation failed.
Flavors: r-release-macos-arm64, r-release-macos-x86_64, r-oldrel-macos-arm64, r-oldrel-macos-x86_64
Version: 0.0.1.1
Check: installed package size
Result: NOTE
installed size is 5.4Mb
sub-directories of 1Mb or more:
tinytest 4.1Mb
Flavor: r-oldrel-windows-x86_64