Last updated on 2025-10-31 13:51:05 CET.
| Flavor | Version | Tinstall | Tcheck | Ttotal | Status | Flags | 
|---|---|---|---|---|---|---|
| r-devel-linux-x86_64-debian-clang | 0.2.0 | 7.19 | 65.01 | 72.20 | NOTE | |
| r-devel-linux-x86_64-debian-gcc | 0.2.0 | 5.24 | 48.49 | 53.73 | NOTE | |
| r-devel-linux-x86_64-fedora-clang | 0.2.0 | 16.00 | 93.06 | 109.06 | OK | |
| r-devel-linux-x86_64-fedora-gcc | 0.2.0 | 17.00 | 91.39 | 108.39 | OK | |
| r-devel-windows-x86_64 | 0.2.0 | 8.00 | 88.00 | 96.00 | OK | |
| r-patched-linux-x86_64 | 0.2.0 | 7.12 | 62.17 | 69.29 | OK | |
| r-release-linux-x86_64 | 0.2.0 | 7.09 | 63.33 | 70.42 | OK | |
| r-release-macos-arm64 | 0.2.0 | 4.00 | 37.00 | 41.00 | OK | |
| r-release-macos-x86_64 | 0.2.0 | 7.00 | 60.00 | 67.00 | OK | |
| r-release-windows-x86_64 | 0.2.0 | 8.00 | 86.00 | 94.00 | OK | |
| r-oldrel-macos-arm64 | 0.2.0 | 3.00 | 29.00 | 32.00 | NOTE | |
| r-oldrel-macos-x86_64 | 0.2.0 | 9.00 | 55.00 | 64.00 | NOTE | |
| r-oldrel-windows-x86_64 | 0.2.0 | 11.00 | 97.00 | 108.00 | NOTE | 
Version: 0.2.0
Check: CRAN incoming feasibility
Result: NOTE
  Maintainer: ‘Hong Zhang <hzhang@wpi.edu>’
  
  No Authors@R field in DESCRIPTION.
  Please add one, modifying
    Authors@R: c(person(given = "Hong",
                        family = "Zhang",
                        role = c("aut", "cre"),
                        email = "hzhang@wpi.edu"),
                 person(given = "Zheyang",
                        family = "Wu",
                        role = "aut"))
  as necessary.
Flavors: r-devel-linux-x86_64-debian-clang, r-devel-linux-x86_64-debian-gcc
Version: 0.2.0
Check: LazyData
Result: NOTE
    'LazyData' is specified without a 'data' directory
Flavors: r-oldrel-macos-arm64, r-oldrel-macos-x86_64, r-oldrel-windows-x86_64