Last updated on 2024-05-28 12:56:33 CEST.
Flavor | Version | Tinstall | Tcheck | Ttotal | Status | Flags |
---|---|---|---|---|---|---|
r-devel-linux-x86_64-debian-clang | 1.0.4 | 30.49 | 81.50 | 111.99 | OK | |
r-devel-linux-x86_64-debian-gcc | 1.0.4 | 25.90 | 65.96 | 91.86 | OK | |
r-devel-linux-x86_64-fedora-clang | 1.0.4 | 147.31 | OK | |||
r-devel-linux-x86_64-fedora-gcc | 1.0.4 | 156.51 | OK | |||
r-devel-windows-x86_64 | 1.0.4 | 31.00 | 253.00 | 284.00 | OK | |
r-patched-linux-x86_64 | 1.0.4 | 31.04 | 79.94 | 110.98 | OK | |
r-release-linux-x86_64 | 1.0.4 | 23.58 | 82.67 | 106.25 | OK | |
r-release-macos-arm64 | 1.0.4 | 69.00 | NOTE | |||
r-release-windows-x86_64 | 1.0.4 | 30.00 | 89.00 | 119.00 | OK | |
r-oldrel-macos-arm64 | 1.0.4 | 70.00 | NOTE | |||
r-oldrel-macos-x86_64 | 1.0.4 | 101.00 | NOTE | |||
r-oldrel-windows-x86_64 | 1.0.4 | 38.00 | 101.00 | 139.00 | OK |
Version: 1.0.4
Check: installed package size
Result: NOTE
installed size is 5.3Mb
sub-directories of 1Mb or more:
data 5.1Mb
Flavors: r-release-macos-arm64, r-oldrel-macos-arm64, r-oldrel-macos-x86_64