Last updated on 2025-10-31 13:51:06 CET.
| Flavor | Version | Tinstall | Tcheck | Ttotal | Status | Flags | 
|---|---|---|---|---|---|---|
| r-devel-linux-x86_64-debian-clang | 1.0-10 | 3.63 | 40.22 | 43.85 | NOTE | |
| r-devel-linux-x86_64-debian-gcc | 1.0-10 | 2.24 | 30.81 | 33.05 | NOTE | |
| r-devel-linux-x86_64-fedora-clang | 1.0-10 | 64.23 | OK | |||
| r-devel-linux-x86_64-fedora-gcc | 1.0-10 | 75.09 | OK | |||
| r-devel-windows-x86_64 | 1.0-10 | 5.00 | 186.00 | 191.00 | OK | |
| r-patched-linux-x86_64 | 1.0-10 | 4.88 | 38.41 | 43.29 | OK | |
| r-release-linux-x86_64 | 1.0-10 | 3.27 | 38.28 | 41.55 | OK | |
| r-release-macos-arm64 | 1.0-10 | 2.00 | 29.00 | 31.00 | OK | |
| r-release-macos-x86_64 | 1.0-10 | 3.00 | 46.00 | 49.00 | OK | |
| r-release-windows-x86_64 | 1.0-10 | 6.00 | 126.00 | 132.00 | OK | |
| r-oldrel-macos-arm64 | 1.0-10 | 2.00 | 24.00 | 26.00 | OK | |
| r-oldrel-macos-x86_64 | 1.0-10 | 2.00 | 37.00 | 39.00 | OK | |
| r-oldrel-windows-x86_64 | 1.0-10 | 5.00 | 175.00 | 180.00 | OK | 
Version: 1.0-10
Check: CRAN incoming feasibility
Result: NOTE
  Maintainer: ‘Rich FitzJohn <rich.fitzjohn@gmail.com>’
  
  Package CITATION file contains call(s) to old-style personList() or
  as.personList().  Please use c() on person objects instead.
  Package CITATION file contains call(s) to old-style citEntry().  Please
  use bibentry() instead.
Flavors: r-devel-linux-x86_64-debian-clang, r-devel-linux-x86_64-debian-gcc