Last updated on 2024-05-28 12:56:33 CEST.
Flavor | Version | Tinstall | Tcheck | Ttotal | Status | Flags |
---|---|---|---|---|---|---|
r-devel-linux-x86_64-debian-clang | 1.3.1 | 11.44 | 119.40 | 130.84 | NOTE | |
r-devel-linux-x86_64-debian-gcc | 1.3.1 | 10.81 | 89.82 | 100.63 | NOTE | |
r-devel-linux-x86_64-fedora-clang | 1.3.1 | 163.62 | NOTE | |||
r-devel-linux-x86_64-fedora-gcc | 1.3.1 | 156.42 | NOTE | |||
r-devel-windows-x86_64 | 1.3.1 | 13.00 | 216.00 | 229.00 | NOTE | |
r-patched-linux-x86_64 | 1.3.1 | 14.77 | 115.48 | 130.25 | NOTE | |
r-release-linux-x86_64 | 1.3.1 | 13.73 | 117.86 | 131.59 | NOTE | |
r-release-macos-arm64 | 1.3.1 | 50.00 | NOTE | |||
r-release-windows-x86_64 | 1.3.1 | 13.00 | 127.00 | 140.00 | NOTE | |
r-oldrel-macos-arm64 | 1.3.1 | 52.00 | OK | |||
r-oldrel-macos-x86_64 | 1.3.1 | 84.00 | OK | |||
r-oldrel-windows-x86_64 | 1.3.1 | 16.00 | 157.00 | 173.00 | OK |
Version: 1.3.1
Check: Rd files
Result: NOTE
checkRd: (-1) summary.armasubsets.Rd:16: Lost braces
16 | \item{matrix.logical}{With matrix=TRUE, the matrix is logical TRUE/FALSE or string "*"/code{" "}}
| ^
Flavors: r-devel-linux-x86_64-debian-clang, r-devel-linux-x86_64-debian-gcc, r-devel-linux-x86_64-fedora-clang, r-devel-linux-x86_64-fedora-gcc, r-devel-windows-x86_64, r-patched-linux-x86_64, r-release-linux-x86_64, r-release-macos-arm64, r-release-windows-x86_64
Version: 1.3.1
Check: dependencies in R code
Result: NOTE
Namespace in Imports field not imported from: ‘tseries’
All declared Imports should be used.
Flavors: r-devel-linux-x86_64-fedora-clang, r-devel-linux-x86_64-fedora-gcc