Last updated on 2025-10-31 13:51:05 CET.
| Flavor | Version | Tinstall | Tcheck | Ttotal | Status | Flags | 
|---|---|---|---|---|---|---|
| r-devel-linux-x86_64-debian-clang | 1.1 | 5.23 | 55.28 | 60.51 | NOTE | |
| r-devel-linux-x86_64-debian-gcc | 1.1 | 3.87 | 40.44 | 44.31 | NOTE | |
| r-devel-linux-x86_64-fedora-clang | 1.1 | 12.00 | 81.33 | 93.33 | OK | |
| r-devel-linux-x86_64-fedora-gcc | 1.1 | 12.00 | 74.77 | 86.77 | OK | |
| r-devel-windows-x86_64 | 1.1 | 8.00 | 66.00 | 74.00 | OK | |
| r-patched-linux-x86_64 | 1.1 | 5.75 | 52.47 | 58.22 | OK | |
| r-release-linux-x86_64 | 1.1 | 4.62 | 50.73 | 55.35 | OK | |
| r-release-macos-arm64 | 1.1 | 3.00 | 24.00 | 27.00 | OK | |
| r-release-macos-x86_64 | 1.1 | 4.00 | 37.00 | 41.00 | OK | |
| r-release-windows-x86_64 | 1.1 | 7.00 | 67.00 | 74.00 | OK | |
| r-oldrel-macos-arm64 | 1.1 | 3.00 | 20.00 | 23.00 | NOTE | |
| r-oldrel-macos-x86_64 | 1.1 | 4.00 | 32.00 | 36.00 | NOTE | |
| r-oldrel-windows-x86_64 | 1.1 | 10.00 | 80.00 | 90.00 | NOTE | 
Version: 1.1
Check: CRAN incoming feasibility
Result: NOTE
  Maintainer: ‘Kathrin Moellenhoff <kathrin.moellenhoff@rub.de>’
  
  No Authors@R field in DESCRIPTION.
  Please add one, modifying
    Authors@R: person(given = "Kathrin",
                      family = "Moellenhoff",
                      role = c("aut", "cre"),
                      email = "kathrin.moellenhoff@rub.de")
  as necessary.
  
  Found the following URLs which should use \doi (with the DOI name only):
    File ‘bootstrap_test.Rd’:
      https://doi.org/10.1080/01621459.2017.1281813
Flavors: r-devel-linux-x86_64-debian-clang, r-devel-linux-x86_64-debian-gcc
Version: 1.1
Check: LazyData
Result: NOTE
    'LazyData' is specified without a 'data' directory
Flavors: r-oldrel-macos-arm64, r-oldrel-macos-x86_64, r-oldrel-windows-x86_64