Last updated on 2025-10-31 13:51:06 CET.
| Flavor | Version | Tinstall | Tcheck | Ttotal | Status | Flags | 
|---|---|---|---|---|---|---|
| r-devel-linux-x86_64-debian-clang | 1.0 | 1.66 | 20.53 | 22.19 | NOTE | |
| r-devel-linux-x86_64-debian-gcc | 1.0 | 1.39 | 17.08 | 18.47 | NOTE | |
| r-devel-linux-x86_64-fedora-clang | 1.0 | 33.96 | NOTE | |||
| r-devel-linux-x86_64-fedora-gcc | 1.0 | 31.52 | NOTE | |||
| r-devel-windows-x86_64 | 1.0 | 2.00 | 34.00 | 36.00 | NOTE | |
| r-patched-linux-x86_64 | 1.0 | 1.68 | 19.14 | 20.82 | NOTE | |
| r-release-linux-x86_64 | 1.0 | 1.62 | 19.64 | 21.26 | NOTE | |
| r-release-macos-arm64 | 1.0 | 1.00 | 16.00 | 17.00 | NOTE | |
| r-release-macos-x86_64 | 1.0 | 2.00 | 22.00 | 24.00 | NOTE | |
| r-release-windows-x86_64 | 1.0 | 2.00 | 37.00 | 39.00 | NOTE | |
| r-oldrel-macos-arm64 | 1.0 | 1.00 | 14.00 | 15.00 | NOTE | |
| r-oldrel-macos-x86_64 | 1.0 | 1.00 | 18.00 | 19.00 | NOTE | |
| r-oldrel-windows-x86_64 | 1.0 | 2.00 | 37.00 | 39.00 | NOTE | 
Version: 1.0
Check: package subdirectories
Result: NOTE
  Problems with news in ‘NEWS.md’:
  No news entries found.
Flavors: r-devel-linux-x86_64-debian-clang, r-devel-linux-x86_64-debian-gcc, r-devel-linux-x86_64-fedora-clang, r-devel-linux-x86_64-fedora-gcc, r-devel-windows-x86_64, r-patched-linux-x86_64, r-release-linux-x86_64, r-release-macos-arm64, r-release-macos-x86_64, r-release-windows-x86_64, r-oldrel-macos-arm64, r-oldrel-macos-x86_64, r-oldrel-windows-x86_64