Last updated on 2024-05-27 02:48:20 CEST.
Flavor | Version | Tinstall | Tcheck | Ttotal | Status | Flags |
---|---|---|---|---|---|---|
r-devel-linux-x86_64-debian-clang | 2.1.0 | 18.37 | 109.28 | 127.65 | OK | |
r-devel-linux-x86_64-debian-gcc | 2.1.0 | 13.36 | 79.52 | 92.88 | OK | |
r-devel-linux-x86_64-fedora-clang | 2.1.0 | 156.29 | NOTE | |||
r-devel-linux-x86_64-fedora-gcc | 2.1.0 | 158.08 | OK | |||
r-devel-windows-x86_64 | 2.1.0 | 19.00 | 108.00 | 127.00 | NOTE | |
r-patched-linux-x86_64 | 2.1.0 | 18.56 | 100.14 | 118.70 | OK | |
r-release-linux-x86_64 | 2.1.0 | 15.24 | 102.04 | 117.28 | OK | |
r-release-macos-arm64 | 2.1.0 | 37.00 | NOTE | |||
r-release-macos-x86_64 | 2.1.0 | 81.00 | NOTE | |||
r-release-windows-x86_64 | 2.1.0 | 19.00 | 110.00 | 129.00 | NOTE | |
r-oldrel-macos-arm64 | 2.1.0 | 50.00 | NOTE | |||
r-oldrel-macos-x86_64 | 2.1.0 | 73.00 | NOTE | |||
r-oldrel-windows-x86_64 | 2.1.0 | 24.00 | 144.00 | 168.00 | NOTE |
Version: 2.1.0
Check: installed package size
Result: NOTE
installed size is 8.0Mb
sub-directories of 1Mb or more:
doc 1.4Mb
shinyapp 4.9Mb
Flavors: r-devel-linux-x86_64-fedora-clang, r-devel-windows-x86_64, r-release-macos-arm64, r-release-macos-x86_64, r-release-windows-x86_64, r-oldrel-macos-arm64, r-oldrel-macos-x86_64, r-oldrel-windows-x86_64