Last updated on 2025-10-31 13:51:06 CET.
| Flavor | Version | Tinstall | Tcheck | Ttotal | Status | Flags | 
|---|---|---|---|---|---|---|
| r-devel-linux-x86_64-debian-clang | 1.2.3 | 2.03 | 53.32 | 55.35 | NOTE | |
| r-devel-linux-x86_64-debian-gcc | 1.2.3 | 1.81 | 41.10 | 42.91 | NOTE | |
| r-devel-linux-x86_64-fedora-clang | 1.2.3 | 97.01 | OK | |||
| r-devel-linux-x86_64-fedora-gcc | 1.2.3 | 96.21 | OK | |||
| r-devel-windows-x86_64 | 1.2.3 | 3.00 | 84.00 | 87.00 | OK | |
| r-patched-linux-x86_64 | 1.2.3 | 2.66 | 49.82 | 52.48 | OK | |
| r-release-linux-x86_64 | 1.2.3 | 2.17 | 49.00 | 51.17 | OK | |
| r-release-macos-arm64 | 1.2.3 | 1.00 | 33.00 | 34.00 | OK | |
| r-release-macos-x86_64 | 1.2.3 | 2.00 | 67.00 | 69.00 | OK | |
| r-release-windows-x86_64 | 1.2.3 | 4.00 | 92.00 | 96.00 | OK | |
| r-oldrel-macos-arm64 | 1.2.3 | 1.00 | 32.00 | 33.00 | OK | |
| r-oldrel-macos-x86_64 | 1.2.3 | 2.00 | 50.00 | 52.00 | OK | |
| r-oldrel-windows-x86_64 | 1.2.3 | 3.00 | 84.00 | 87.00 | OK | 
Version: 1.2.3
Check: CRAN incoming feasibility
Result: NOTE
  Maintainer: ‘Ran Gao <rgao8@uic.edu>’
  
  No Authors@R field in DESCRIPTION.
  Please add one, modifying
    Authors@R: c(person(given = "Hakan",
                        family = "Demirtas",
                        role = "aut"),
                 person(given = "Rawan",
                        family = "Allozi",
                        role = "aut"),
                 person(given = "Ran",
                        family = "Gao",
                        role = c("aut", "cre"),
                        email = "rgao8@uic.edu"))
  as necessary.
Flavors: r-devel-linux-x86_64-debian-clang, r-devel-linux-x86_64-debian-gcc