Last updated on 2025-11-01 12:49:55 CET.
| Flavor | Version | Tinstall | Tcheck | Ttotal | Status | Flags |
|---|---|---|---|---|---|---|
| r-devel-linux-x86_64-debian-clang | 0.1.0 | 1.58 | 21.25 | 22.83 | OK | |
| r-devel-linux-x86_64-debian-gcc | 0.1.0 | 1.54 | 18.07 | 19.61 | OK | |
| r-devel-linux-x86_64-fedora-clang | 0.1.0 | 32.99 | NOTE | |||
| r-devel-linux-x86_64-fedora-gcc | 0.1.0 | 31.67 | NOTE | |||
| r-devel-windows-x86_64 | 0.1.0 | 3.00 | 39.00 | 42.00 | OK | |
| r-patched-linux-x86_64 | 0.1.0 | 1.68 | 19.09 | 20.77 | OK | |
| r-release-linux-x86_64 | 0.1.0 | 1.60 | 19.49 | 21.09 | OK | |
| r-release-macos-arm64 | 0.1.0 | 1.00 | 14.00 | 15.00 | OK | |
| r-release-macos-x86_64 | 0.1.0 | 2.00 | 21.00 | 23.00 | OK | |
| r-release-windows-x86_64 | 0.1.0 | 4.00 | 190.00 | 194.00 | OK | |
| r-oldrel-macos-arm64 | 0.1.0 | 1.00 | 14.00 | 15.00 | OK | |
| r-oldrel-macos-x86_64 | 0.1.0 | 2.00 | 20.00 | 22.00 | OK | |
| r-oldrel-windows-x86_64 | 0.1.0 | 5.00 | 45.00 | 50.00 | OK |
Version: 0.1.0
Check: dependencies in R code
Result: NOTE
Namespace in Imports field not imported from: ‘dplyr’
All declared Imports should be used.
Flavors: r-devel-linux-x86_64-fedora-clang, r-devel-linux-x86_64-fedora-gcc