Last updated on 2024-07-18 01:55:47 CEST.
Flavor | Version | Tinstall | Tcheck | Ttotal | Status | Flags |
---|---|---|---|---|---|---|
r-devel-linux-x86_64-debian-clang | 1.0.0 | 5.02 | 80.57 | 85.59 | NOTE | |
r-devel-linux-x86_64-debian-gcc | 1.0.0 | 3.09 | 69.15 | 72.24 | NOTE | |
r-devel-linux-x86_64-fedora-clang | 1.0.0 | 115.87 | NOTE | |||
r-devel-linux-x86_64-fedora-gcc | 1.0.0 | 104.50 | NOTE | |||
r-devel-windows-x86_64 | 1.0.0 | 7.00 | 83.00 | 90.00 | NOTE | |
r-patched-linux-x86_64 | 1.0.0 | 4.89 | 89.50 | 94.39 | NOTE | |
r-release-linux-x86_64 | 1.0.0 | 4.17 | 89.30 | 93.47 | NOTE | |
r-release-macos-arm64 | 1.0.0 | 28.00 | NOTE | |||
r-release-macos-x86_64 | 1.0.0 | 46.00 | NOTE | |||
r-release-windows-x86_64 | 1.0.0 | 7.00 | 80.00 | 87.00 | NOTE | |
r-oldrel-macos-arm64 | 1.0.0 | 32.00 | NOTE | |||
r-oldrel-macos-x86_64 | 1.0.0 | 53.00 | NOTE | |||
r-oldrel-windows-x86_64 | 1.0.0 | 7.00 | 94.00 | 101.00 | NOTE |
Version: 1.0.0
Check: LazyData
Result: NOTE
'LazyData' is specified without a 'data' directory
Flavors: r-devel-linux-x86_64-debian-clang, r-devel-linux-x86_64-debian-gcc, r-devel-linux-x86_64-fedora-clang, r-devel-linux-x86_64-fedora-gcc, r-devel-windows-x86_64, r-patched-linux-x86_64, r-release-linux-x86_64, r-release-macos-arm64, r-release-macos-x86_64, r-release-windows-x86_64, r-oldrel-macos-arm64, r-oldrel-macos-x86_64, r-oldrel-windows-x86_64