Last updated on 2025-10-31 13:51:07 CET.
| Flavor | Version | Tinstall | Tcheck | Ttotal | Status | Flags | 
|---|---|---|---|---|---|---|
| r-devel-linux-x86_64-debian-clang | 1.73 | 69.55 | 391.86 | 461.41 | OK | |
| r-devel-linux-x86_64-debian-gcc | 1.73 | 45.89 | 265.17 | 311.06 | OK | |
| r-devel-linux-x86_64-fedora-clang | 1.73 | 523.00 | 247.73 | 770.73 | OK | |
| r-devel-linux-x86_64-fedora-gcc | 1.73 | 256.00 | 476.51 | 732.51 | OK | |
| r-devel-windows-x86_64 | 1.73 | 66.00 | 395.00 | 461.00 | OK | |
| r-patched-linux-x86_64 | 1.73 | 75.69 | 366.84 | 442.53 | OK | |
| r-release-linux-x86_64 | 1.73 | 62.85 | 371.22 | 434.07 | OK | |
| r-release-macos-arm64 | 1.73 | 29.00 | 133.00 | 162.00 | OK | |
| r-release-macos-x86_64 | 1.73 | 60.00 | 380.00 | 440.00 | OK | |
| r-release-windows-x86_64 | 1.73 | 78.00 | 508.00 | 586.00 | OK | |
| r-oldrel-macos-arm64 | 1.73 | 26.00 | 110.00 | 136.00 | NOTE | |
| r-oldrel-macos-x86_64 | 1.73 | 62.00 | 276.00 | 338.00 | NOTE | |
| r-oldrel-windows-x86_64 | 1.73 | 92.00 | 529.00 | 621.00 | OK | 
Version: 1.73
Check: package dependencies
Result: NOTE
  Package suggested but not available for checking: ‘org.Mm.eg.db’
Flavor: r-oldrel-macos-arm64
Version: 1.73
Check: installed package size
Result: NOTE
    installed size is  5.3Mb
    sub-directories of 1Mb or more:
      R      2.0Mb
      libs   1.5Mb
Flavors: r-oldrel-macos-arm64, r-oldrel-macos-x86_64