Last updated on 2025-10-31 13:51:07 CET.
| Flavor | Version | Tinstall | Tcheck | Ttotal | Status | Flags | 
|---|---|---|---|---|---|---|
| r-devel-linux-x86_64-debian-clang | 0.4.1 | 2.22 | 27.36 | 29.58 | NOTE | |
| r-devel-linux-x86_64-debian-gcc | 0.4.1 | 1.52 | 21.26 | 22.78 | NOTE | |
| r-devel-linux-x86_64-fedora-clang | 0.4.1 | 43.36 | OK | |||
| r-devel-linux-x86_64-fedora-gcc | 0.4.1 | 43.17 | OK | |||
| r-devel-windows-x86_64 | 0.4.1 | 3.00 | 44.00 | 47.00 | OK | |
| r-patched-linux-x86_64 | 0.4.1 | 2.29 | 25.84 | 28.13 | OK | |
| r-release-linux-x86_64 | 0.4.1 | 2.09 | 25.76 | 27.85 | OK | |
| r-release-macos-arm64 | 0.4.1 | 1.00 | 18.00 | 19.00 | OK | |
| r-release-macos-x86_64 | 0.4.1 | 2.00 | 28.00 | 30.00 | OK | |
| r-release-windows-x86_64 | 0.4.1 | 4.00 | 47.00 | 51.00 | OK | |
| r-oldrel-macos-arm64 | 0.4.1 | 1.00 | 17.00 | 18.00 | OK | |
| r-oldrel-macos-x86_64 | 0.4.1 | 2.00 | 22.00 | 24.00 | OK | |
| r-oldrel-windows-x86_64 | 0.4.1 | 5.00 | 52.00 | 57.00 | OK | 
Version: 0.4.1
Check: CRAN incoming feasibility
Result: NOTE
  Maintainer: ‘Susan Holmes <sp.holmes@gmail.com>’
  
  No Authors@R field in DESCRIPTION.
  Please add one, modifying
    Authors@R: c(person(given = "Susan",
                        family = "Holmes",
                        role = c("aut", "cre"),
                        email = "sp.holmes@gmail.com"),
                 person(given = "Sourav",
                        family = "Chatterjee",
                        role = "aut"))
  as necessary.
  
  The Description field contains
    Chatterjee, Sourav (2020) <arXiv:1909.10140> This package includes the
  Please refer to arXiv e-prints via their arXiv DOI <doi:10.48550/arXiv.YYMM.NNNNN>.
Flavors: r-devel-linux-x86_64-debian-clang, r-devel-linux-x86_64-debian-gcc