Last updated on 2025-10-31 13:51:07 CET.
| Flavor | Version | Tinstall | Tcheck | Ttotal | Status | Flags | 
|---|---|---|---|---|---|---|
| r-devel-linux-x86_64-debian-clang | 0.1.6 | 6.94 | 78.10 | 85.04 | NOTE | |
| r-devel-linux-x86_64-debian-gcc | 0.1.6 | 4.90 | 55.14 | 60.04 | NOTE | |
| r-devel-linux-x86_64-fedora-clang | 0.1.6 | 14.00 | 116.96 | 130.96 | OK | |
| r-devel-linux-x86_64-fedora-gcc | 0.1.6 | 14.00 | 114.88 | 128.88 | OK | |
| r-devel-windows-x86_64 | 0.1.6 | 8.00 | 105.00 | 113.00 | OK | |
| r-patched-linux-x86_64 | 0.1.6 | 7.25 | 74.03 | 81.28 | OK | |
| r-release-linux-x86_64 | 0.1.6 | 6.55 | 74.54 | 81.09 | OK | |
| r-release-macos-arm64 | 0.1.6 | 3.00 | 35.00 | 38.00 | OK | |
| r-release-macos-x86_64 | 0.1.6 | 9.00 | 74.00 | 83.00 | OK | |
| r-release-windows-x86_64 | 0.1.6 | 9.00 | 104.00 | 113.00 | OK | |
| r-oldrel-macos-arm64 | 0.1.6 | 3.00 | 39.00 | 42.00 | NOTE | |
| r-oldrel-macos-x86_64 | 0.1.6 | 4.00 | 50.00 | 54.00 | NOTE | |
| r-oldrel-windows-x86_64 | 0.1.6 | 12.00 | 127.00 | 139.00 | NOTE | 
Version: 0.1.6
Check: CRAN incoming feasibility
Result: NOTE
  Maintainer: ‘Xuanhua (Peter) Yin <peteryin.sju@hotmail.com>’
  
  No Authors@R field in DESCRIPTION.
  Please add one, modifying
    Authors@R: c(person(given = "Manuel",
                        family = "Russon",
                        role = "aut",
                        email = "RUSSONM@stjohns.edu"),
                 person(given = "Xuanhua",
                        family = "Yin",
                        role = "aut",
                        email = "peteryin.sju@hotmail.com",
                        comment = "Peter"),
                 person(given = "Xuanhua",
                        family = "Yin",
                        role = "cre",
                        email = "peteryin.sju@hotmail.com",
                        comment = "Peter"))
  as necessary.
Flavors: r-devel-linux-x86_64-debian-clang, r-devel-linux-x86_64-debian-gcc
Version: 0.1.6
Check: LazyData
Result: NOTE
    'LazyData' is specified without a 'data' directory
Flavors: r-oldrel-macos-arm64, r-oldrel-macos-x86_64, r-oldrel-windows-x86_64