Last updated on 2024-05-28 12:56:09 CEST.
Flavor | Version | Tinstall | Tcheck | Ttotal | Status | Flags |
---|---|---|---|---|---|---|
r-devel-linux-x86_64-debian-clang | 1.3.6 | 17.32 | 152.69 | 170.01 | NOTE | |
r-devel-linux-x86_64-debian-gcc | 1.3.6 | 14.68 | 112.68 | 127.36 | NOTE | |
r-devel-linux-x86_64-fedora-clang | 1.3.6 | 216.19 | NOTE | |||
r-devel-linux-x86_64-fedora-gcc | 1.3.6 | 199.46 | NOTE | |||
r-devel-windows-x86_64 | 1.3.6 | 16.00 | 119.00 | 135.00 | NOTE | |
r-patched-linux-x86_64 | 1.3.6 | 10.86 | 147.80 | 158.66 | NOTE | |
r-release-linux-x86_64 | 1.3.6 | 12.01 | 150.62 | 162.63 | NOTE | |
r-release-macos-arm64 | 1.3.6 | 56.00 | NOTE | |||
r-release-windows-x86_64 | 1.3.6 | 15.00 | 123.00 | 138.00 | NOTE | |
r-oldrel-macos-arm64 | 1.3.6 | 63.00 | NOTE | |||
r-oldrel-macos-x86_64 | 1.3.6 | 101.00 | NOTE | |||
r-oldrel-windows-x86_64 | 1.3.6 | 21.00 | 150.00 | 171.00 | NOTE |
Version: 1.3.6
Check: Rd files
Result: NOTE
checkRd: (-1) ALF.Rd:47: Escaped LaTeX specials: \&
checkRd: (-1) APEXMS.Rd:14: Lost braces in \enumerate; meant \describe ?
checkRd: (-1) APEXMS.Rd:15: Lost braces in \enumerate; meant \describe ?
Flavors: r-devel-linux-x86_64-debian-clang, r-devel-linux-x86_64-debian-gcc, r-devel-linux-x86_64-fedora-clang, r-devel-linux-x86_64-fedora-gcc, r-devel-windows-x86_64, r-patched-linux-x86_64, r-release-linux-x86_64, r-release-macos-arm64, r-release-windows-x86_64
Version: 1.3.6
Check: Rd files
Result: NOTE
checkRd: (-1) ALF.Rd:47: Escaped LaTeX specials: \&
Flavors: r-oldrel-macos-arm64, r-oldrel-macos-x86_64, r-oldrel-windows-x86_64