CRAN Package Check Results for Package ace2fastq

Last updated on 2025-11-09 00:49:22 CET.

Flavor Version Tinstall Tcheck Ttotal Status Flags
r-devel-linux-x86_64-debian-clang 0.6.0 2.58 31.95 34.53 OK
r-devel-linux-x86_64-debian-gcc 0.6.0 2.17 25.95 28.12 OK
r-devel-linux-x86_64-fedora-clang 0.6.0 52.57 OK
r-devel-linux-x86_64-fedora-gcc 0.6.0 64.10 OK
r-devel-windows-x86_64 0.6.0 6.00 51.00 57.00 OK
r-patched-linux-x86_64 0.6.0 2.38 29.38 31.76 OK
r-release-linux-x86_64 0.6.0 1.97 29.69 31.66 OK
r-release-macos-arm64 0.6.0 2.00 31.00 33.00 OK
r-release-macos-x86_64 0.6.0 3.00 47.00 50.00 OK
r-release-windows-x86_64 0.6.0 5.00 48.00 53.00 OK
r-oldrel-macos-arm64 0.6.0 1.00 24.00 25.00 NOTE
r-oldrel-macos-x86_64 0.6.0 2.00 39.00 41.00 NOTE
r-oldrel-windows-x86_64 0.6.0 5.00 56.00 61.00 NOTE

Check Details

Version: 0.6.0
Check: LazyData
Result: NOTE 'LazyData' is specified without a 'data' directory Flavors: r-oldrel-macos-arm64, r-oldrel-macos-x86_64, r-oldrel-windows-x86_64