Last updated on 2025-07-08 13:49:02 CEST.
Flavor | Version | Tinstall | Tcheck | Ttotal | Status | Flags |
---|---|---|---|---|---|---|
r-devel-linux-x86_64-debian-clang | 1.1 | 13.63 | 106.32 | 119.95 | NOTE | |
r-devel-linux-x86_64-debian-gcc | 1.1 | 8.16 | 74.34 | 82.50 | NOTE | |
r-devel-linux-x86_64-fedora-clang | 1.1 | 188.24 | OK | |||
r-devel-linux-x86_64-fedora-gcc | 1.1 | 175.82 | OK | |||
r-devel-windows-x86_64 | 1.1 | 13.00 | 121.00 | 134.00 | OK | |
r-patched-linux-x86_64 | 1.1 | 11.91 | 100.53 | 112.44 | OK | |
r-release-linux-x86_64 | 1.1 | 12.70 | 99.39 | 112.09 | OK | |
r-release-macos-arm64 | 1.1 | 46.00 | OK | |||
r-release-macos-x86_64 | 1.1 | 95.00 | OK | |||
r-release-windows-x86_64 | 1.1 | 14.00 | 122.00 | 136.00 | OK | |
r-oldrel-macos-arm64 | 1.1 | 49.00 | OK | |||
r-oldrel-macos-x86_64 | 1.1 | 75.00 | OK | |||
r-oldrel-windows-x86_64 | 1.1 | 18.00 | 153.00 | 171.00 | OK |
Version: 1.1
Check: CRAN incoming feasibility
Result: NOTE
Maintainer: ‘Alexander Sohn <asohn@uni-goettingen.de>’
No Authors@R field in DESCRIPTION.
Please add one, modifying
Authors@R: person(given = "Alexander",
family = "Sohn",
role = c("aut", "cre"),
email = "asohn@uni-goettingen.de")
as necessary.
Flavors: r-devel-linux-x86_64-debian-clang, r-devel-linux-x86_64-debian-gcc