Last updated on 2025-10-31 13:50:43 CET.
| Flavor | Version | Tinstall | Tcheck | Ttotal | Status | Flags | 
|---|---|---|---|---|---|---|
| r-devel-linux-x86_64-debian-clang | 1.0.1 | 1.81 | 46.16 | 47.97 | NOTE | |
| r-devel-linux-x86_64-debian-gcc | 1.0.1 | 1.77 | 34.31 | 36.08 | NOTE | |
| r-devel-linux-x86_64-fedora-clang | 1.0.1 | 70.03 | OK | |||
| r-devel-linux-x86_64-fedora-gcc | 1.0.1 | 68.85 | OK | |||
| r-devel-windows-x86_64 | 1.0.1 | 5.00 | 57.00 | 62.00 | OK | |
| r-patched-linux-x86_64 | 1.0.1 | 2.41 | 42.09 | 44.50 | OK | |
| r-release-linux-x86_64 | 1.0.1 | 2.24 | 42.45 | 44.69 | OK | |
| r-release-macos-arm64 | 1.0.1 | 1.00 | 25.00 | 26.00 | OK | |
| r-release-macos-x86_64 | 1.0.1 | 2.00 | 42.00 | 44.00 | OK | |
| r-release-windows-x86_64 | 1.0.1 | 4.00 | 60.00 | 64.00 | OK | |
| r-oldrel-macos-arm64 | 1.0.1 | 1.00 | 26.00 | 27.00 | OK | |
| r-oldrel-macos-x86_64 | 1.0.1 | 3.00 | 57.00 | 60.00 | OK | |
| r-oldrel-windows-x86_64 | 1.0.1 | 4.00 | 77.00 | 81.00 | OK | 
Version: 1.0.1
Check: CRAN incoming feasibility
Result: NOTE
  Maintainer: ‘Fabio Centofanti <fabio.centofanti@unina.it>’
  
  The BugReports field in DESCRIPTION has
    https://github.com/unina-sfere/adass
  which should likely be
    https://github.com/unina-sfere/adass/issues
  instead.
Flavors: r-devel-linux-x86_64-debian-clang, r-devel-linux-x86_64-debian-gcc