Last updated on 2025-11-27 13:48:30 CET.
| Flavor | Version | Tinstall | Tcheck | Ttotal | Status | Flags |
|---|---|---|---|---|---|---|
| r-devel-linux-x86_64-debian-clang | 1.0.1 | 2.14 | 45.38 | 47.52 | NOTE | |
| r-devel-linux-x86_64-debian-gcc | 1.0.1 | 1.72 | 34.50 | 36.22 | NOTE | |
| r-devel-linux-x86_64-fedora-clang | 1.0.1 | 71.19 | OK | |||
| r-devel-linux-x86_64-fedora-gcc | 1.0.1 | 68.51 | OK | |||
| r-devel-windows-x86_64 | 1.0.1 | 5.00 | 56.00 | 61.00 | OK | |
| r-patched-linux-x86_64 | 1.0.1 | 2.10 | 41.44 | 43.54 | OK | |
| r-release-linux-x86_64 | 1.0.1 | 2.29 | 40.91 | 43.20 | OK | |
| r-release-macos-arm64 | 1.0.1 | OK | ||||
| r-release-macos-x86_64 | 1.0.1 | 2.00 | 42.00 | 44.00 | OK | |
| r-release-windows-x86_64 | 1.0.1 | 5.00 | 57.00 | 62.00 | OK | |
| r-oldrel-macos-arm64 | 1.0.1 | OK | ||||
| r-oldrel-macos-x86_64 | 1.0.1 | 3.00 | 57.00 | 60.00 | OK | |
| r-oldrel-windows-x86_64 | 1.0.1 | 5.00 | 70.00 | 75.00 | OK |
Version: 1.0.1
Check: CRAN incoming feasibility
Result: NOTE
Maintainer: ‘Fabio Centofanti <fabio.centofanti@unina.it>’
The BugReports field in DESCRIPTION has
https://github.com/unina-sfere/adass
which should likely be
https://github.com/unina-sfere/adass/issues
instead.
Flavors: r-devel-linux-x86_64-debian-clang, r-devel-linux-x86_64-debian-gcc