Last updated on 2024-07-18 01:55:25 CEST.
Flavor | Version | Tinstall | Tcheck | Ttotal | Status | Flags |
---|---|---|---|---|---|---|
r-devel-linux-x86_64-debian-clang | 1.1 | 3.25 | 33.05 | 36.30 | OK | |
r-devel-linux-x86_64-debian-gcc | 1.1 | 2.69 | 24.40 | 27.09 | OK | |
r-devel-linux-x86_64-fedora-clang | 1.1 | 45.62 | NOTE | |||
r-devel-linux-x86_64-fedora-gcc | 1.1 | 42.77 | NOTE | |||
r-devel-windows-x86_64 | 1.1 | 3.00 | 48.00 | 51.00 | OK | |
r-patched-linux-x86_64 | 1.1 | 2.70 | 32.36 | 35.06 | OK | |
r-release-linux-x86_64 | 1.1 | 2.09 | 32.35 | 34.44 | OK | |
r-release-macos-arm64 | 1.1 | 18.00 | OK | |||
r-release-macos-x86_64 | 1.1 | 37.00 | OK | |||
r-release-windows-x86_64 | 1.1 | 3.00 | 48.00 | 51.00 | OK | |
r-oldrel-macos-arm64 | 1.1 | 19.00 | OK | |||
r-oldrel-macos-x86_64 | 1.1 | 27.00 | OK | |||
r-oldrel-windows-x86_64 | 1.1 | 3.00 | 49.00 | 52.00 | OK |
Version: 1.1
Check: dependencies in R code
Result: NOTE
Namespace in Imports field not imported from: ‘Benchmarking’
All declared Imports should be used.
Flavors: r-devel-linux-x86_64-fedora-clang, r-devel-linux-x86_64-fedora-gcc