Last updated on 2025-07-08 13:49:03 CEST.
Flavor | Version | Tinstall | Tcheck | Ttotal | Status | Flags |
---|---|---|---|---|---|---|
r-devel-linux-x86_64-debian-clang | 1.0.8 | 453.62 | 340.90 | 794.52 | OK | |
r-devel-linux-x86_64-debian-gcc | 1.0.8 | 358.30 | 236.37 | 594.67 | OK | |
r-devel-linux-x86_64-fedora-clang | 1.0.8 | 1397.68 | OK | |||
r-devel-linux-x86_64-fedora-gcc | 1.0.8 | 1442.71 | OK | |||
r-devel-windows-x86_64 | 1.0.8 | 310.00 | 370.00 | 680.00 | OK | |
r-patched-linux-x86_64 | 1.0.8 | 491.02 | 355.99 | 847.01 | OK | |
r-release-linux-x86_64 | 1.0.7 | 478.61 | 354.94 | 833.55 | OK | |
r-release-macos-arm64 | 1.0.7 | 334.00 | OK | |||
r-release-macos-x86_64 | 1.0.8 | 441.00 | OK | |||
r-release-windows-x86_64 | 1.0.8 | 431.00 | 369.00 | 800.00 | OK | |
r-oldrel-macos-arm64 | 1.0.7 | 302.00 | NOTE | |||
r-oldrel-macos-x86_64 | 1.0.8 | 450.00 | NOTE | |||
r-oldrel-windows-x86_64 | 1.0.8 | 515.00 | 486.00 | 1001.00 | NOTE |
Version: 1.0.7
Check: installed package size
Result: NOTE
installed size is 211.4Mb
sub-directories of 1Mb or more:
adelie 2.0Mb
doc 1.6Mb
libs 207.5Mb
Flavor: r-oldrel-macos-arm64
Version: 1.0.8
Check: installed package size
Result: NOTE
installed size is 211.8Mb
sub-directories of 1Mb or more:
adelie 2.0Mb
doc 1.6Mb
libs 207.8Mb
Flavors: r-oldrel-macos-x86_64, r-oldrel-windows-x86_64