Last updated on 2025-10-31 13:50:43 CET.
| Flavor | Version | Tinstall | Tcheck | Ttotal | Status | Flags | 
|---|---|---|---|---|---|---|
| r-devel-linux-x86_64-debian-clang | 1.42.12 | 2.75 | 39.37 | 42.12 | NOTE | |
| r-devel-linux-x86_64-debian-gcc | 1.42.12 | 1.86 | 30.46 | 32.32 | NOTE | |
| r-devel-linux-x86_64-fedora-clang | 1.42.12 | 59.98 | OK | |||
| r-devel-linux-x86_64-fedora-gcc | 1.42.12 | 72.42 | OK | |||
| r-devel-windows-x86_64 | 1.42.12 | 5.00 | 80.00 | 85.00 | OK | |
| r-patched-linux-x86_64 | 1.42.12 | 2.76 | 37.92 | 40.68 | OK | |
| r-release-linux-x86_64 | 1.42.12 | 2.52 | 37.65 | 40.17 | OK | |
| r-release-macos-arm64 | 1.42.12 | 2.00 | 31.00 | 33.00 | OK | |
| r-release-macos-x86_64 | 1.42.12 | 2.00 | 52.00 | 54.00 | OK | |
| r-release-windows-x86_64 | 1.42.12 | 3.00 | 86.00 | 89.00 | OK | |
| r-oldrel-macos-arm64 | 1.42.12 | 2.00 | 34.00 | 36.00 | OK | |
| r-oldrel-macos-x86_64 | 1.42.12 | 2.00 | 40.00 | 42.00 | OK | |
| r-oldrel-windows-x86_64 | 1.42.12 | 4.00 | 82.00 | 86.00 | OK | 
Version: 1.42.12
Check: CRAN incoming feasibility
Result: NOTE
  Maintainer: ‘Didier Ruedin <didier.ruedin@unine.ch>’
  
  No Authors@R field in DESCRIPTION.
  Please add one, modifying
    Authors@R: person(given = "Didier",
                      family = "Ruedin",
                      role = c("ctb", "aut", "cre"),
                      email = "didier.ruedin@unine.ch")
  as necessary.
Flavors: r-devel-linux-x86_64-debian-clang, r-devel-linux-x86_64-debian-gcc