Last updated on 2025-10-31 13:50:43 CET.
| Flavor | Version | Tinstall | Tcheck | Ttotal | Status | Flags | 
|---|---|---|---|---|---|---|
| r-devel-linux-x86_64-debian-clang | 0.1.0 | 1.58 | 19.66 | 21.24 | NOTE | |
| r-devel-linux-x86_64-debian-gcc | 0.1.0 | 1.35 | 15.75 | 17.10 | NOTE | |
| r-devel-linux-x86_64-fedora-clang | 0.1.0 | 31.64 | OK | |||
| r-devel-linux-x86_64-fedora-gcc | 0.1.0 | 30.47 | OK | |||
| r-devel-windows-x86_64 | 0.1.0 | 3.00 | 35.00 | 38.00 | OK | |
| r-patched-linux-x86_64 | 0.1.0 | 1.41 | 18.42 | 19.83 | OK | |
| r-release-linux-x86_64 | 0.1.0 | 1.54 | 18.47 | 20.01 | OK | |
| r-release-macos-arm64 | 0.1.0 | 1.00 | 14.00 | 15.00 | OK | |
| r-release-macos-x86_64 | 0.1.0 | 3.00 | 26.00 | 29.00 | OK | |
| r-release-windows-x86_64 | 0.1.0 | 4.00 | 38.00 | 42.00 | OK | |
| r-oldrel-macos-arm64 | 0.1.0 | 1.00 | 16.00 | 17.00 | NOTE | |
| r-oldrel-macos-x86_64 | 0.1.0 | 1.00 | 24.00 | 25.00 | NOTE | |
| r-oldrel-windows-x86_64 | 0.1.0 | 3.00 | 36.00 | 39.00 | NOTE | 
Version: 0.1.0
Check: CRAN incoming feasibility
Result: NOTE
  Maintainer: ‘Zichao Li <lizichao@live.unc.edu>’
  
  The Description field contains
    and Li (2020) <arXiv:2009.04550>.
  Please refer to arXiv e-prints via their arXiv DOI <doi:10.48550/arXiv.YYMM.NNNNN>.
Flavors: r-devel-linux-x86_64-debian-clang, r-devel-linux-x86_64-debian-gcc
Version: 0.1.0
Check: LazyData
Result: NOTE
    'LazyData' is specified without a 'data' directory
Flavors: r-oldrel-macos-arm64, r-oldrel-macos-x86_64, r-oldrel-windows-x86_64