Last updated on 2024-05-28 12:56:09 CEST.
Flavor | Version | Tinstall | Tcheck | Ttotal | Status | Flags |
---|---|---|---|---|---|---|
r-devel-linux-x86_64-debian-clang | 0.2.2 | 60.09 | 169.62 | 229.71 | NOTE | |
r-devel-linux-x86_64-debian-gcc | 0.2.2 | 35.36 | 122.66 | 158.02 | NOTE | |
r-devel-linux-x86_64-fedora-clang | 0.2.2 | 300.03 | NOTE | |||
r-devel-linux-x86_64-fedora-gcc | 0.2.2 | 302.65 | NOTE | |||
r-devel-windows-x86_64 | 0.2.2 | 44.00 | 230.00 | 274.00 | NOTE | |
r-patched-linux-x86_64 | 0.2.2 | 42.21 | 173.32 | 215.53 | NOTE | |
r-release-linux-x86_64 | 0.2.2 | 47.38 | 168.46 | 215.84 | NOTE | |
r-release-macos-arm64 | 0.2.2 | 80.00 | NOTE | |||
r-release-windows-x86_64 | 0.2.2 | 44.00 | 209.00 | 253.00 | NOTE | |
r-oldrel-macos-arm64 | 0.2.2 | 94.00 | NOTE | |||
r-oldrel-macos-x86_64 | 0.2.2 | 155.00 | NOTE | |||
r-oldrel-windows-x86_64 | 0.2.2 | 54.00 | 239.00 | 293.00 | NOTE |
Version: 0.2.2
Check: LazyData
Result: NOTE
'LazyData' is specified without a 'data' directory
Flavors: r-devel-linux-x86_64-debian-clang, r-devel-linux-x86_64-debian-gcc, r-devel-linux-x86_64-fedora-clang, r-devel-linux-x86_64-fedora-gcc, r-devel-windows-x86_64, r-patched-linux-x86_64, r-release-linux-x86_64, r-release-macos-arm64, r-release-windows-x86_64, r-oldrel-macos-arm64, r-oldrel-macos-x86_64, r-oldrel-windows-x86_64
Version: 0.2.2
Check: compiled code
Result: NOTE
File ‘alphabetr/libs/alphabetr.so’:
Found no calls to: ‘R_registerRoutines’, ‘R_useDynamicSymbols’
It is good practice to register native routines and to disable symbol
search.
See ‘Writing portable packages’ in the ‘Writing R Extensions’ manual.
Flavors: r-devel-linux-x86_64-fedora-clang, r-devel-linux-x86_64-fedora-gcc