Last updated on 2025-10-31 13:50:44 CET.
| Flavor | Version | Tinstall | Tcheck | Ttotal | Status | Flags | 
|---|---|---|---|---|---|---|
| r-devel-linux-x86_64-debian-clang | 1.1 | 1.66 | 21.01 | 22.67 | NOTE | |
| r-devel-linux-x86_64-debian-gcc | 1.1 | 1.35 | 17.07 | 18.42 | NOTE | |
| r-devel-linux-x86_64-fedora-clang | 1.1 | 33.14 | OK | |||
| r-devel-linux-x86_64-fedora-gcc | 1.1 | 32.63 | OK | |||
| r-devel-windows-x86_64 | 1.1 | 3.00 | 45.00 | 48.00 | OK | |
| r-patched-linux-x86_64 | 1.1 | 1.58 | 20.10 | 21.68 | OK | |
| r-release-linux-x86_64 | 1.1 | 1.39 | 20.25 | 21.64 | OK | |
| r-release-macos-arm64 | 1.1 | 2.00 | 28.00 | 30.00 | OK | |
| r-release-macos-x86_64 | 1.1 | 2.00 | 24.00 | 26.00 | OK | |
| r-release-windows-x86_64 | 1.1 | 2.00 | 50.00 | 52.00 | OK | |
| r-oldrel-macos-arm64 | 1.1 | 1.00 | 21.00 | 22.00 | OK | |
| r-oldrel-macos-x86_64 | 1.1 | 2.00 | 19.00 | 21.00 | OK | |
| r-oldrel-windows-x86_64 | 1.1 | 4.00 | 48.00 | 52.00 | OK | 
Version: 1.1
Check: CRAN incoming feasibility
Result: NOTE
  Maintainer: ‘Quinten Stokkink <q.a.stokkink@tudelft.nl>’
  
  No Authors@R field in DESCRIPTION.
  Please add one, modifying
    Authors@R: person(given = "Quinten",
                      family = "Stokkink",
                      role = c("aut", "cre"),
                      email = "q.a.stokkink@tudelft.nl")
  as necessary.
Flavors: r-devel-linux-x86_64-debian-clang, r-devel-linux-x86_64-debian-gcc