Last updated on 2024-05-28 12:56:09 CEST.
Flavor | Version | Tinstall | Tcheck | Ttotal | Status | Flags |
---|---|---|---|---|---|---|
r-devel-linux-x86_64-debian-clang | 2.0.3 | 34.88 | 470.09 | 504.97 | OK | |
r-devel-linux-x86_64-debian-gcc | 2.0.3 | 25.91 | 368.16 | 394.07 | OK | |
r-devel-linux-x86_64-fedora-clang | 2.0.3 | 686.20 | NOTE | |||
r-devel-linux-x86_64-fedora-gcc | 2.0.3 | 618.36 | OK | |||
r-devel-windows-x86_64 | 2.0.3 | 27.00 | 358.00 | 385.00 | NOTE | |
r-patched-linux-x86_64 | 2.0.3 | 32.24 | 468.03 | 500.27 | OK | |
r-release-linux-x86_64 | 2.0.3 | 29.00 | 476.96 | 505.96 | OK | |
r-release-macos-arm64 | 2.0.3 | 160.00 | NOTE | |||
r-release-macos-x86_64 | 2.0.3 | 480.00 | NOTE | |||
r-release-windows-x86_64 | 2.0.3 | 25.00 | 358.00 | 383.00 | NOTE | |
r-oldrel-macos-arm64 | 2.0.3 | 159.00 | NOTE | |||
r-oldrel-macos-x86_64 | 2.0.3 | 418.00 | NOTE | |||
r-oldrel-windows-x86_64 | 2.0.3 | 35.00 | 462.00 | 497.00 | NOTE |
Version: 2.0.3
Check: installed package size
Result: NOTE
installed size is 5.5Mb
sub-directories of 1Mb or more:
R 1.3Mb
data 1.6Mb
doc 1.8Mb
Flavors: r-devel-linux-x86_64-fedora-clang, r-devel-windows-x86_64, r-release-macos-arm64, r-release-macos-x86_64, r-release-windows-x86_64, r-oldrel-macos-arm64, r-oldrel-macos-x86_64, r-oldrel-windows-x86_64