Last updated on 2025-07-08 13:49:03 CEST.
Flavor | Version | Tinstall | Tcheck | Ttotal | Status | Flags |
---|---|---|---|---|---|---|
r-devel-linux-x86_64-debian-clang | 0.1.8 | 7.55 | 97.74 | 105.29 | NOTE | |
r-devel-linux-x86_64-debian-gcc | 0.1.8 | 4.93 | 70.56 | 75.49 | NOTE | |
r-devel-linux-x86_64-fedora-clang | 0.1.8 | 168.66 | OK | |||
r-devel-linux-x86_64-fedora-gcc | 0.1.8 | 176.13 | OK | |||
r-devel-windows-x86_64 | 0.1.8 | 9.00 | 106.00 | 115.00 | OK | |
r-patched-linux-x86_64 | 0.1.8 | 6.31 | 89.74 | 96.05 | OK | |
r-release-linux-x86_64 | 0.1.8 | 6.76 | 90.78 | 97.54 | OK | |
r-release-macos-arm64 | 0.1.8 | 72.00 | OK | |||
r-release-macos-x86_64 | 0.1.8 | 105.00 | OK | |||
r-release-windows-x86_64 | 0.1.8 | 8.00 | 106.00 | 114.00 | OK | |
r-oldrel-macos-arm64 | 0.1.8 | 52.00 | OK | |||
r-oldrel-macos-x86_64 | 0.1.8 | 79.00 | OK | |||
r-oldrel-windows-x86_64 | 0.1.8 | 12.00 | 134.00 | 146.00 | OK |
Version: 0.1.8
Check: CRAN incoming feasibility
Result: NOTE
Maintainer: ‘Christopher Prener <chris.prener@gmail.com>’
Package CITATION file contains call(s) to old-style citEntry(). Please
use bibentry() instead.
Flavors: r-devel-linux-x86_64-debian-clang, r-devel-linux-x86_64-debian-gcc