Last updated on 2025-10-31 13:50:44 CET.
| Flavor | Version | Tinstall | Tcheck | Ttotal | Status | Flags | 
|---|---|---|---|---|---|---|
| r-devel-linux-x86_64-debian-clang | 2.1.6 | 14.80 | 191.37 | 206.17 | OK | |
| r-devel-linux-x86_64-debian-gcc | 2.1.6 | 10.13 | 132.91 | 143.04 | OK | |
| r-devel-linux-x86_64-fedora-clang | 2.1.6 | 37.00 | 282.71 | 319.71 | OK | |
| r-devel-linux-x86_64-fedora-gcc | 2.1.6 | 73.00 | 277.68 | 350.68 | OK | |
| r-devel-windows-x86_64 | 2.1.6 | 16.00 | 230.00 | 246.00 | OK | |
| r-patched-linux-x86_64 | 2.1.6 | 15.23 | 178.58 | 193.81 | OK | |
| r-release-linux-x86_64 | 2.1.6 | 14.08 | 177.05 | 191.13 | OK | |
| r-release-macos-arm64 | 2.1.6 | 7.00 | 88.00 | 95.00 | OK | |
| r-release-macos-x86_64 | 2.1.6 | 46.00 | 317.00 | 363.00 | OK | |
| r-release-windows-x86_64 | 2.1.6 | 21.00 | 198.00 | 219.00 | OK | |
| r-oldrel-macos-arm64 | 2.1.6 | 7.00 | 92.00 | 99.00 | NOTE | |
| r-oldrel-macos-x86_64 | 2.1.6 | 28.00 | 291.00 | 319.00 | NOTE | |
| r-oldrel-windows-x86_64 | 2.1.6 | 28.00 | 232.00 | 260.00 | NOTE | 
Version: 2.1.6
Check: installed package size
Result: NOTE
    installed size is  7.7Mb
    sub-directories of 1Mb or more:
      doc    4.3Mb
      help   2.2Mb
Flavors: r-oldrel-macos-arm64, r-oldrel-macos-x86_64, r-oldrel-windows-x86_64