CRAN Package Check Results for Package bdl

Last updated on 2025-11-27 13:48:31 CET.

Flavor Version Tinstall Tcheck Ttotal Status Flags
r-devel-linux-x86_64-debian-clang 1.0.5 0.33 2.81 3.14 ERROR
r-devel-linux-x86_64-debian-gcc 1.0.5 0.28 2.36 2.64 ERROR
r-devel-linux-x86_64-fedora-clang 1.0.5 88.00 555.77 643.77 OK
r-devel-linux-x86_64-fedora-gcc 1.0.5 149.00 515.31 664.31 OK
r-devel-windows-x86_64 1.0.5 41.00 301.00 342.00 OK
r-patched-linux-x86_64 1.0.5 0.32 1.93 2.25 ERROR
r-release-linux-x86_64 1.0.5 39.14 348.87 388.01 OK
r-release-macos-arm64 1.0.5 OK
r-release-macos-x86_64 1.0.5 33.00 339.00 372.00 OK
r-release-windows-x86_64 1.0.5 40.00 309.00 349.00 OK
r-oldrel-macos-arm64 1.0.5 OK
r-oldrel-macos-x86_64 1.0.5 24.00 257.00 281.00 OK
r-oldrel-windows-x86_64 1.0.5 54.00 418.00 472.00 OK

Check Details

Version: 1.0.5
Check: package dependencies
Result: ERROR Package required but not available: ‘tmap’ See section ‘The DESCRIPTION file’ in the ‘Writing R Extensions’ manual. Flavors: r-devel-linux-x86_64-debian-clang, r-devel-linux-x86_64-debian-gcc, r-patched-linux-x86_64