CRAN Package Check Results for Package befproj

Last updated on 2025-11-28 00:49:48 CET.

Flavor Version Tinstall Tcheck Ttotal Status Flags
r-devel-linux-x86_64-debian-clang 0.1.1 2.63 25.30 27.93 NOTE
r-devel-linux-x86_64-debian-gcc 0.1.1 1.79 20.29 22.08 NOTE
r-devel-linux-x86_64-fedora-clang 0.1.1 41.19 OK
r-devel-linux-x86_64-fedora-gcc 0.1.1 38.43 OK
r-devel-windows-x86_64 0.1.1 7.00 41.00 48.00 OK
r-patched-linux-x86_64 0.1.1 2.69 23.04 25.73 OK
r-release-linux-x86_64 0.1.1 2.48 22.91 25.39 OK
r-release-macos-arm64 0.1.1 OK
r-release-macos-x86_64 0.1.1 3.00 27.00 30.00 OK
r-release-windows-x86_64 0.1.1 5.00 57.00 62.00 OK
r-oldrel-macos-arm64 0.1.1 OK
r-oldrel-macos-x86_64 0.1.1 2.00 28.00 30.00 OK
r-oldrel-windows-x86_64 0.1.1 6.00 49.00 55.00 OK

Check Details

Version: 0.1.1
Check: CRAN incoming feasibility
Result: NOTE Maintainer: ‘Peter Thuresson <jpeter.thuresson@gmail.com>’ No Authors@R field in DESCRIPTION. Please add one, modifying Authors@R: person(given = "Peter", family = "Thuresson", role = c("aut", "cre"), email = "jpeter.thuresson@gmail.com") as necessary. Flavors: r-devel-linux-x86_64-debian-clang, r-devel-linux-x86_64-debian-gcc