Last updated on 2025-10-31 13:50:44 CET.
| Flavor | Version | Tinstall | Tcheck | Ttotal | Status | Flags | 
|---|---|---|---|---|---|---|
| r-devel-linux-x86_64-debian-clang | 1.8.5 | 4.49 | 43.59 | 48.08 | NOTE | |
| r-devel-linux-x86_64-debian-gcc | 1.8.5 | 2.80 | 32.11 | 34.91 | NOTE | |
| r-devel-linux-x86_64-fedora-clang | 1.8.5 | 20.00 | 57.94 | 77.94 | NOTE | |
| r-devel-linux-x86_64-fedora-gcc | 1.8.5 | 69.35 | NOTE | |||
| r-devel-windows-x86_64 | 1.8.5 | 7.00 | 61.00 | 68.00 | NOTE | |
| r-patched-linux-x86_64 | 1.8.5 | 4.86 | 40.71 | 45.57 | NOTE | |
| r-release-linux-x86_64 | 1.8.5 | 4.07 | 40.95 | 45.02 | NOTE | |
| r-release-macos-arm64 | 1.8.5 | 2.00 | 24.00 | 26.00 | NOTE | |
| r-release-macos-x86_64 | 1.8.5 | 4.00 | 43.00 | 47.00 | NOTE | |
| r-release-windows-x86_64 | 1.8.5 | 7.00 | 62.00 | 69.00 | NOTE | |
| r-oldrel-macos-arm64 | 1.8.5 | 2.00 | 22.00 | 24.00 | NOTE | |
| r-oldrel-macos-x86_64 | 1.8.5 | 3.00 | 33.00 | 36.00 | NOTE | |
| r-oldrel-windows-x86_64 | 1.8.5 | 8.00 | 71.00 | 79.00 | NOTE | 
Version: 1.8.5
Check: CRAN incoming feasibility
Result: NOTE
  Maintainer: ‘Przemyslaw Biecek <Przemyslaw.Biecek@gmail.com>’
  
  No Authors@R field in DESCRIPTION.
  Please add one, modifying
    Authors@R: c(person(given = c("Przemyslaw", "Biecek", "\\&", "Ewa"),
                        family = "Szczurek",
                        role = "aut"),
                 person(given = "Przemyslaw",
                        family = "Biecek",
                        role = "cre",
                        email = "Przemyslaw.Biecek@gmail.com"))
  as necessary.
  
  Package CITATION file contains call(s) to old-style personList() or
  as.personList().  Please use c() on person objects instead.
  Package CITATION file contains call(s) to old-style citEntry().  Please
  use bibentry() instead.
Flavors: r-devel-linux-x86_64-debian-clang, r-devel-linux-x86_64-debian-gcc
Version: 1.8.5
Check: Rd files
Result: NOTE
  checkRd: (-1) bgmm-package.Rd:23: Escaped LaTeX specials: \&
Flavors: r-devel-linux-x86_64-debian-clang, r-devel-linux-x86_64-debian-gcc, r-devel-linux-x86_64-fedora-clang, r-devel-linux-x86_64-fedora-gcc, r-devel-windows-x86_64, r-patched-linux-x86_64, r-release-linux-x86_64, r-release-macos-arm64, r-release-macos-x86_64, r-release-windows-x86_64, r-oldrel-macos-arm64, r-oldrel-macos-x86_64, r-oldrel-windows-x86_64