Last updated on 2025-11-27 13:48:31 CET.
| Flavor | Version | Tinstall | Tcheck | Ttotal | Status | Flags |
|---|---|---|---|---|---|---|
| r-devel-linux-x86_64-debian-clang | 0.8.1 | 94.27 | 502.27 | 596.54 | OK | |
| r-devel-linux-x86_64-debian-gcc | 0.8.1 | 63.89 | 338.07 | 401.96 | OK | |
| r-devel-linux-x86_64-fedora-clang | 0.8.1 | 423.00 | 608.69 | 1031.69 | OK | |
| r-devel-linux-x86_64-fedora-gcc | 0.8.1 | 155.00 | 785.43 | 940.43 | OK | |
| r-devel-windows-x86_64 | 0.6.0 | 76.00 | 276.00 | 352.00 | OK | |
| r-patched-linux-x86_64 | 0.8.1 | 96.90 | 471.47 | 568.37 | OK | |
| r-release-linux-x86_64 | 0.8.1 | 94.84 | 462.21 | 557.05 | OK | |
| r-release-macos-arm64 | 0.8.1 | 4.00 | ERROR | |||
| r-release-macos-x86_64 | 0.8.1 | 46.00 | 447.00 | 493.00 | OK | |
| r-release-windows-x86_64 | 0.6.0 | 73.00 | 238.00 | 311.00 | OK | |
| r-oldrel-macos-arm64 | 0.8.1 | 10.00 | ERROR | |||
| r-oldrel-macos-x86_64 | 0.8.1 | 47.00 | 370.00 | 417.00 | NOTE | |
| r-oldrel-windows-x86_64 | 0.8.1 | 143.00 | 970.00 | 1113.00 | OK |
Version: 0.8.1
Check: package dependencies
Result: ERROR
Package required but not available: ‘survcomp’
See section ‘The DESCRIPTION file’ in the ‘Writing R Extensions’
manual.
Flavors: r-release-macos-arm64, r-oldrel-macos-arm64
Version: 0.8.1
Check: installed package size
Result: NOTE
installed size is 7.2Mb
sub-directories of 1Mb or more:
libs 5.3Mb
Flavor: r-oldrel-macos-x86_64