Last updated on 2025-07-11 12:49:15 CEST.
Flavor | Version | Tinstall | Tcheck | Ttotal | Status | Flags |
---|---|---|---|---|---|---|
r-devel-linux-x86_64-debian-clang | 0.3.0 | 1.98 | 24.14 | 26.12 | OK | |
r-devel-linux-x86_64-debian-gcc | 0.3.0 | 1.77 | 19.40 | 21.17 | OK | |
r-devel-linux-x86_64-fedora-clang | 0.3.0 | 41.47 | OK | |||
r-devel-linux-x86_64-fedora-gcc | 0.3.0 | 38.87 | OK | |||
r-devel-windows-x86_64 | 0.3.0 | 4.00 | 41.00 | 45.00 | OK | |
r-patched-linux-x86_64 | 0.3.0 | 2.69 | 22.50 | 25.19 | OK | |
r-release-linux-x86_64 | 0.3.0 | 2.55 | 22.53 | 25.08 | OK | |
r-release-macos-arm64 | 0.3.0 | 21.00 | OK | |||
r-release-macos-x86_64 | 0.3.0 | 32.00 | OK | |||
r-release-windows-x86_64 | 0.3.0 | 4.00 | 48.00 | 52.00 | OK | |
r-oldrel-macos-arm64 | 0.3.0 | 18.00 | NOTE | |||
r-oldrel-macos-x86_64 | 0.3.0 | 37.00 | NOTE | |||
r-oldrel-windows-x86_64 | 0.3.0 | 5.00 | 52.00 | 57.00 | NOTE |
Version: 0.3.0
Check: LazyData
Result: NOTE
'LazyData' is specified without a 'data' directory
Flavors: r-oldrel-macos-arm64, r-oldrel-macos-x86_64, r-oldrel-windows-x86_64