Last updated on 2025-10-31 13:50:45 CET.
| Flavor | Version | Tinstall | Tcheck | Ttotal | Status | Flags | 
|---|---|---|---|---|---|---|
| r-devel-linux-x86_64-debian-clang | 0.1.2 | 1.27 | 21.04 | 22.31 | NOTE | |
| r-devel-linux-x86_64-debian-gcc | 0.1.2 | 1.26 | 18.07 | 19.33 | NOTE | |
| r-devel-linux-x86_64-fedora-clang | 0.1.2 | 31.29 | NOTE | |||
| r-devel-linux-x86_64-fedora-gcc | 0.1.2 | 29.70 | NOTE | |||
| r-devel-windows-x86_64 | 0.1.2 | 3.00 | 44.00 | 47.00 | NOTE | |
| r-patched-linux-x86_64 | 0.1.2 | 1.40 | 18.92 | 20.32 | NOTE | |
| r-release-linux-x86_64 | 0.1.2 | 1.59 | 18.96 | 20.55 | NOTE | |
| r-release-macos-arm64 | 0.1.2 | 1.00 | 16.00 | 17.00 | NOTE | |
| r-release-macos-x86_64 | 0.1.2 | 2.00 | 24.00 | 26.00 | NOTE | |
| r-release-windows-x86_64 | 0.1.2 | 3.00 | 44.00 | 47.00 | NOTE | |
| r-oldrel-macos-arm64 | 0.1.2 | 1.00 | 20.00 | 21.00 | NOTE | |
| r-oldrel-macos-x86_64 | 0.1.2 | 1.00 | 21.00 | 22.00 | NOTE | |
| r-oldrel-windows-x86_64 | 0.1.2 | 3.00 | 47.00 | 50.00 | NOTE | 
Version: 0.1.2
Check: CRAN incoming feasibility
Result: NOTE
  Maintainer: ‘Stephen Froehlich <stephen.froehlich@gmail.com>’
  
  No Authors@R field in DESCRIPTION.
  Please add one, modifying
    Authors@R: person(given = "Stephen",
                      family = "Froehlich",
                      role = c("aut", "cre"),
                      email = "stephen.froehlich@gmail.com")
  as necessary.
Flavors: r-devel-linux-x86_64-debian-clang, r-devel-linux-x86_64-debian-gcc
Version: 0.1.2
Check: Rd files
Result: NOTE
  checkRd: (-1) calcUnique.Rd:24: Lost braces
      24 | functions, and often the /code{cut()} function are relatively slow when working with tens of millions of rows or more.
         |                               ^
Flavors: r-devel-linux-x86_64-debian-clang, r-devel-linux-x86_64-debian-gcc, r-devel-linux-x86_64-fedora-clang, r-devel-linux-x86_64-fedora-gcc, r-devel-windows-x86_64, r-patched-linux-x86_64, r-release-linux-x86_64, r-release-macos-arm64, r-release-macos-x86_64, r-release-windows-x86_64, r-oldrel-macos-arm64, r-oldrel-macos-x86_64, r-oldrel-windows-x86_64
Version: 0.1.2
Check: LazyData
Result: NOTE
    'LazyData' is specified without a 'data' directory
Flavors: r-oldrel-macos-arm64, r-oldrel-macos-x86_64, r-oldrel-windows-x86_64