Last updated on 2025-07-08 13:49:05 CEST.
Flavor | Version | Tinstall | Tcheck | Ttotal | Status | Flags |
---|---|---|---|---|---|---|
r-devel-linux-x86_64-debian-clang | 0.13.0 | 5.48 | 58.60 | 64.08 | NOTE | |
r-devel-linux-x86_64-debian-gcc | 0.13.0 | 3.89 | 42.84 | 46.73 | NOTE | |
r-devel-linux-x86_64-fedora-clang | 0.13.0 | 96.66 | OK | |||
r-devel-linux-x86_64-fedora-gcc | 0.13.0 | 91.38 | OK | |||
r-devel-windows-x86_64 | 0.13.0 | 7.00 | 75.00 | 82.00 | OK | |
r-patched-linux-x86_64 | 0.13.0 | 5.76 | 54.33 | 60.09 | OK | |
r-release-linux-x86_64 | 0.13.0 | 5.30 | 54.23 | 59.53 | OK | |
r-release-macos-arm64 | 0.13.0 | 33.00 | OK | |||
r-release-macos-x86_64 | 0.13.0 | 62.00 | OK | |||
r-release-windows-x86_64 | 0.13.0 | 7.00 | 72.00 | 79.00 | OK | |
r-oldrel-macos-arm64 | 0.13.0 | 29.00 | OK | |||
r-oldrel-macos-x86_64 | 0.13.0 | 53.00 | OK | |||
r-oldrel-windows-x86_64 | 0.13.0 | 9.00 | 98.00 | 107.00 | OK |
Version: 0.13.0
Check: CRAN incoming feasibility
Result: NOTE
Maintainer: ‘Henrik Bengtsson <henrikb@braju.com>’
Package CITATION file contains call(s) to old-style citEntry(). Please
use bibentry() instead.
Flavors: r-devel-linux-x86_64-debian-clang, r-devel-linux-x86_64-debian-gcc