Last updated on 2024-05-27 02:47:56 CEST.
Flavor | Version | Tinstall | Tcheck | Ttotal | Status | Flags |
---|---|---|---|---|---|---|
r-devel-linux-x86_64-debian-clang | 0.3.0 | 3.61 | 33.21 | 36.82 | NOTE | |
r-devel-linux-x86_64-debian-gcc | 0.3.0 | 2.25 | 26.51 | 28.76 | NOTE | |
r-devel-linux-x86_64-fedora-clang | 0.3.0 | 52.29 | NOTE | |||
r-devel-linux-x86_64-fedora-gcc | 0.3.0 | 56.28 | NOTE | |||
r-devel-windows-x86_64 | 0.3.0 | 3.00 | 52.00 | 55.00 | NOTE | |
r-patched-linux-x86_64 | 0.3.0 | 3.03 | 31.12 | 34.15 | NOTE | |
r-release-linux-x86_64 | 0.3.0 | 2.75 | 32.18 | 34.93 | NOTE | |
r-release-macos-arm64 | 0.3.0 | 27.00 | NOTE | |||
r-release-windows-x86_64 | 0.3.0 | 3.00 | 51.00 | 54.00 | NOTE | |
r-oldrel-macos-arm64 | 0.3.0 | 27.00 | NOTE | |||
r-oldrel-macos-x86_64 | 0.3.0 | 36.00 | NOTE | |||
r-oldrel-windows-x86_64 | 0.3.0 | 5.00 | 54.00 | 59.00 | NOTE |
Version: 0.3.0
Check: package subdirectories
Result: NOTE
Problems with news in ‘NEWS.md’:
Cannot extract version info from the following section titles:
captr .1.4
captr .1.3
captr .1.2
Flavors: r-devel-linux-x86_64-debian-clang, r-devel-linux-x86_64-debian-gcc, r-devel-linux-x86_64-fedora-clang, r-devel-linux-x86_64-fedora-gcc, r-devel-windows-x86_64, r-patched-linux-x86_64, r-release-linux-x86_64, r-release-macos-arm64, r-release-windows-x86_64, r-oldrel-macos-arm64, r-oldrel-macos-x86_64, r-oldrel-windows-x86_64
Version: 0.3.0
Check: LazyData
Result: NOTE
'LazyData' is specified without a 'data' directory
Flavors: r-devel-linux-x86_64-debian-clang, r-devel-linux-x86_64-debian-gcc, r-devel-linux-x86_64-fedora-clang, r-devel-linux-x86_64-fedora-gcc, r-devel-windows-x86_64, r-patched-linux-x86_64, r-release-linux-x86_64, r-release-macos-arm64, r-release-windows-x86_64, r-oldrel-macos-arm64, r-oldrel-macos-x86_64, r-oldrel-windows-x86_64