Last updated on 2025-10-31 13:50:45 CET.
| Flavor | Version | Tinstall | Tcheck | Ttotal | Status | Flags | 
|---|---|---|---|---|---|---|
| r-devel-linux-x86_64-debian-clang | 1.1.0 | 2.46 | 21.56 | 24.02 | NOTE | |
| r-devel-linux-x86_64-debian-gcc | 1.1.0 | 1.80 | 17.29 | 19.09 | NOTE | |
| r-devel-linux-x86_64-fedora-clang | 1.1.0 | 35.55 | OK | |||
| r-devel-linux-x86_64-fedora-gcc | 1.1.0 | 34.17 | OK | |||
| r-devel-windows-x86_64 | 1.1.0 | 3.00 | 36.00 | 39.00 | OK | |
| r-patched-linux-x86_64 | 1.1.0 | 2.34 | 20.67 | 23.01 | OK | |
| r-release-linux-x86_64 | 1.1.0 | 2.43 | 20.47 | 22.90 | OK | |
| r-release-macos-arm64 | 1.1.0 | 1.00 | 14.00 | 15.00 | OK | |
| r-release-macos-x86_64 | 1.1.0 | 2.00 | 24.00 | 26.00 | OK | |
| r-release-windows-x86_64 | 1.1.0 | 4.00 | 40.00 | 44.00 | OK | |
| r-oldrel-macos-arm64 | 1.1.0 | 1.00 | 18.00 | 19.00 | OK | |
| r-oldrel-macos-x86_64 | 1.1.0 | 2.00 | 24.00 | 26.00 | OK | |
| r-oldrel-windows-x86_64 | 1.1.0 | 3.00 | 37.00 | 40.00 | OK | 
Version: 1.1.0
Check: CRAN incoming feasibility
Result: NOTE
  Maintainer: ‘Rich Nielsen <rnielsen@mit.edu>’
  
  No Authors@R field in DESCRIPTION.
  Please add one, modifying
    Authors@R: person(given = "Rich",
                      family = "Nielsen",
                      role = c("aut", "cre"),
                      email = "rnielsen@mit.edu")
  as necessary.
Flavors: r-devel-linux-x86_64-debian-clang, r-devel-linux-x86_64-debian-gcc