Last updated on 2025-10-31 13:50:45 CET.
| Flavor | Version | Tinstall | Tcheck | Ttotal | Status | Flags | 
|---|---|---|---|---|---|---|
| r-devel-linux-x86_64-debian-clang | 0.2.5 | 1.81 | 19.82 | 21.63 | OK | |
| r-devel-linux-x86_64-debian-gcc | 0.2.5 | 1.48 | 16.33 | 17.81 | OK | |
| r-devel-linux-x86_64-fedora-clang | 0.2.5 | 11.00 | 21.90 | 32.90 | OK | |
| r-devel-linux-x86_64-fedora-gcc | 0.2.5 | 33.48 | OK | |||
| r-devel-windows-x86_64 | 0.2.5 | 2.00 | 38.00 | 40.00 | OK | |
| r-patched-linux-x86_64 | 0.2.5 | 1.86 | 18.19 | 20.05 | OK | |
| r-release-linux-x86_64 | 0.2.5 | 1.67 | 18.17 | 19.84 | OK | |
| r-release-macos-arm64 | 0.2.5 | 1.00 | 15.00 | 16.00 | OK | |
| r-release-macos-x86_64 | 0.2.5 | 2.00 | 22.00 | 24.00 | OK | |
| r-release-windows-x86_64 | 0.2.5 | 4.00 | 39.00 | 43.00 | OK | |
| r-oldrel-macos-arm64 | 0.2.5 | 1.00 | 19.00 | 20.00 | NOTE | |
| r-oldrel-macos-x86_64 | 0.2.5 | 2.00 | 25.00 | 27.00 | NOTE | |
| r-oldrel-windows-x86_64 | 0.2.5 | 2.00 | 43.00 | 45.00 | NOTE | 
Version: 0.2.5
Check: LazyData
Result: NOTE
    'LazyData' is specified without a 'data' directory
Flavors: r-oldrel-macos-arm64, r-oldrel-macos-x86_64, r-oldrel-windows-x86_64