Last updated on 2025-10-31 13:50:45 CET.
| Flavor | Version | Tinstall | Tcheck | Ttotal | Status | Flags | 
|---|---|---|---|---|---|---|
| r-devel-linux-x86_64-debian-clang | 1.2.5 | 10.39 | 83.71 | 94.10 | NOTE | |
| r-devel-linux-x86_64-debian-gcc | 1.2.5 | 7.47 | 60.90 | 68.37 | NOTE | |
| r-devel-linux-x86_64-fedora-clang | 1.2.5 | 26.00 | 115.76 | 141.76 | NOTE | |
| r-devel-linux-x86_64-fedora-gcc | 1.2.5 | 41.00 | 103.75 | 144.75 | NOTE | |
| r-devel-windows-x86_64 | 1.2.5 | 13.00 | 90.00 | 103.00 | NOTE | |
| r-patched-linux-x86_64 | 1.2.5 | 9.29 | 77.68 | 86.97 | NOTE | |
| r-release-linux-x86_64 | 1.2.5 | 11.08 | 78.42 | 89.50 | NOTE | |
| r-release-macos-arm64 | 1.2.5 | 5.00 | 39.00 | 44.00 | NOTE | |
| r-release-macos-x86_64 | 1.2.5 | 8.00 | 60.00 | 68.00 | NOTE | |
| r-release-windows-x86_64 | 1.2.5 | 11.00 | 92.00 | 103.00 | NOTE | |
| r-oldrel-macos-arm64 | 1.2.5 | 4.00 | 35.00 | 39.00 | NOTE | |
| r-oldrel-macos-x86_64 | 1.2.5 | 6.00 | 51.00 | 57.00 | NOTE | |
| r-oldrel-windows-x86_64 | 1.2.5 | 17.00 | 115.00 | 132.00 | NOTE | 
Version: 1.2.5
Check: Rd files
Result: NOTE
  checkRd: (-1) eval_make_DAG.Rd:34: Lost braces in \itemize; \value handles \item{}{} directly
  checkRd: (-1) eval_make_DAG.Rd:35: Lost braces in \itemize; \value handles \item{}{} directly
  checkRd: (-1) eval_make_formula.Rd:24: Lost braces in \itemize; \value handles \item{}{} directly
  checkRd: (-1) eval_make_formula.Rd:25: Lost braces in \itemize; \value handles \item{}{} directly
  checkRd: (-1) eval_make_formula.Rd:26: Lost braces in \itemize; \value handles \item{}{} directly
  checkRd: (-1) eval_make_formula.Rd:27: Lost braces in \itemize; \value handles \item{}{} directly
  checkRd: (-1) eval_make_formula.Rd:28: Lost braces in \itemize; \value handles \item{}{} directly
  checkRd: (-1) eval_make_formula.Rd:29: Lost braces in \itemize; \value handles \item{}{} directly
  checkRd: (-1) eval_make_formula.Rd:30: Lost braces in \itemize; \value handles \item{}{} directly
  checkRd: (-1) eval_make_formula.Rd:31: Lost braces in \itemize; \value handles \item{}{} directly
  checkRd: (-1) eval_make_formula.Rd:32: Lost braces in \itemize; \value handles \item{}{} directly
  checkRd: (-1) eval_make_formula.Rd:33: Lost braces in \itemize; \value handles \item{}{} directly
  checkRd: (-1) eval_make_formula.Rd:34: Lost braces in \itemize; \value handles \item{}{} directly
  checkRd: (-1) indirect_PAF_Sjolander_onesimulation.Rd:65: Lost braces; missing escapes or markup?
      65 | \if{html}{\figure{CausalDAG.jpg} {options: width=100 alt="Causal Bayesian network DAG"} }
         |                                  ^
  checkRd: (-1) path_specific_onesimulation.Rd:54: Lost braces; missing escapes or markup?
      54 | \if{html}{\figure{CausalDAG.jpg} {options: width=100 alt="Causal Bayesian network DAG"} }
         |                                  ^
  checkRd: (-1) strokedata.Rd:49: Lost braces; missing escapes or markup?
      49 |              individual’s behaviour SB = {Smoking, Alcohol intake, inactivity, diet and stress},
         |                                          ^
  checkRd: (-1) strokedata.Rd:50: Lost braces; missing escapes or markup?
      50 |              their physiology SP = {High blood pressure, ApoB/ApoA ratio, Waist hip ratio}
         |                                    ^
  checkRd: (-1) strokedata.Rd:52: Lost braces; missing escapes or markup?
      52 |              SD = {Cardiac risk factors, Preclinical diabetes}.
         |                   ^
  checkRd: (-1) strokedata.Rd:60: Lost braces; missing escapes or markup?
      60 |              {SC , SB , SP , SD , Y }, and summarized by the causal graphs in
         |              ^
  checkRd: (-1) strokedata_smallSample.Rd:49: Lost braces; missing escapes or markup?
      49 |              individual’s behaviour SB = {Smoking, Alcohol intake, inactivity, diet and stress},
         |                                          ^
  checkRd: (-1) strokedata_smallSample.Rd:50: Lost braces; missing escapes or markup?
      50 |              their physiology SP = {High blood pressure, ApoB/ApoA ratio, Waist hip ratio}
         |                                    ^
  checkRd: (-1) strokedata_smallSample.Rd:52: Lost braces; missing escapes or markup?
      52 |              SD = {Cardiac risk factors, Pre clinical diabetes}.
         |                   ^
  checkRd: (-1) strokedata_smallSample.Rd:60: Lost braces; missing escapes or markup?
      60 |              {SC , SB , SP , SD , Y }, and summarized by the causal graphs in
         |              ^
Flavors: r-devel-linux-x86_64-debian-clang, r-devel-linux-x86_64-debian-gcc, r-devel-linux-x86_64-fedora-clang, r-devel-linux-x86_64-fedora-gcc, r-devel-windows-x86_64, r-patched-linux-x86_64, r-release-linux-x86_64, r-release-macos-arm64, r-release-macos-x86_64, r-release-windows-x86_64, r-oldrel-macos-arm64, r-oldrel-macos-x86_64, r-oldrel-windows-x86_64