Last updated on 2025-10-31 13:50:45 CET.
| Flavor | Version | Tinstall | Tcheck | Ttotal | Status | Flags | 
|---|---|---|---|---|---|---|
| r-devel-linux-x86_64-debian-clang | 0.1.0 | 2.79 | 26.95 | 29.74 | OK | |
| r-devel-linux-x86_64-debian-gcc | 0.1.0 | 1.95 | 21.94 | 23.89 | OK | |
| r-devel-linux-x86_64-fedora-clang | 0.1.0 | 42.99 | OK | |||
| r-devel-linux-x86_64-fedora-gcc | 0.1.0 | 41.32 | OK | |||
| r-devel-windows-x86_64 | 0.1.0 | 6.00 | 44.00 | 50.00 | OK | |
| r-patched-linux-x86_64 | 0.1.0 | 2.85 | 24.33 | 27.18 | OK | |
| r-release-linux-x86_64 | 0.1.0 | 2.40 | 24.44 | 26.84 | OK | |
| r-release-macos-arm64 | 0.1.0 | 2.00 | 18.00 | 20.00 | OK | |
| r-release-macos-x86_64 | 0.1.0 | 2.00 | 25.00 | 27.00 | OK | |
| r-release-windows-x86_64 | 0.1.0 | 5.00 | 45.00 | 50.00 | OK | |
| r-oldrel-macos-arm64 | 0.1.0 | 1.00 | 18.00 | 19.00 | NOTE | |
| r-oldrel-macos-x86_64 | 0.1.0 | 2.00 | 23.00 | 25.00 | NOTE | |
| r-oldrel-windows-x86_64 | 0.1.0 | 6.00 | 52.00 | 58.00 | NOTE | 
Version: 0.1.0
Check: LazyData
Result: NOTE
    'LazyData' is specified without a 'data' directory
Flavors: r-oldrel-macos-arm64, r-oldrel-macos-x86_64, r-oldrel-windows-x86_64