Last updated on 2025-10-31 13:50:45 CET.
| Flavor | Version | Tinstall | Tcheck | Ttotal | Status | Flags | 
|---|---|---|---|---|---|---|
| r-devel-linux-x86_64-debian-clang | 0.1.0 | 2.33 | 26.95 | 29.28 | NOTE | |
| r-devel-linux-x86_64-debian-gcc | 0.1.0 | 2.07 | 22.64 | 24.71 | NOTE | |
| r-devel-linux-x86_64-fedora-clang | 0.1.0 | 41.30 | OK | |||
| r-devel-linux-x86_64-fedora-gcc | 0.1.0 | 39.41 | OK | |||
| r-devel-windows-x86_64 | 0.1.0 | 46.00 | 45.00 | 91.00 | OK | |
| r-patched-linux-x86_64 | 0.1.0 | 2.47 | 24.85 | 27.32 | OK | |
| r-release-linux-x86_64 | 0.1.0 | 2.01 | 24.71 | 26.72 | OK | |
| r-release-macos-arm64 | 0.1.0 | 2.00 | 29.00 | 31.00 | OK | |
| r-release-macos-x86_64 | 0.1.0 | 5.00 | 52.00 | 57.00 | OK | |
| r-release-windows-x86_64 | 0.1.0 | 22.00 | 52.00 | 74.00 | OK | |
| r-oldrel-macos-x86_64 | 0.1.0 | 3.00 | 46.00 | 49.00 | NOTE | |
| r-oldrel-windows-x86_64 | 0.1.0 | 26.00 | 46.00 | 72.00 | NOTE | 
Version: 0.1.0
Check: CRAN incoming feasibility
Result: NOTE
  Maintainer: ‘Ahmadou Dicko <mail@ahmadoudicko.com>’
  
  No Authors@R field in DESCRIPTION.
  Please add one, modifying
    Authors@R: c(person(given = "file",
                        family = "inst/AUTHORS",
                        role = "aut"),
                 person(given = "Ahmadou",
                        family = "Dicko",
                        role = "cre",
                        email = "mail@ahmadoudicko.com"))
  as necessary.
Flavors: r-devel-linux-x86_64-debian-clang, r-devel-linux-x86_64-debian-gcc
Version: 0.1.0
Check: installed package size
Result: NOTE
    installed size is 37.9Mb
    sub-directories of 1Mb or more:
      include  37.8Mb
Flavors: r-oldrel-macos-x86_64, r-oldrel-windows-x86_64