Last updated on 2025-10-31 13:50:46 CET.
| Flavor | Version | Tinstall | Tcheck | Ttotal | Status | Flags | 
|---|---|---|---|---|---|---|
| r-devel-linux-x86_64-debian-clang | 0.1.3 | 9.25 | 264.52 | 273.77 | NOTE | |
| r-devel-linux-x86_64-debian-gcc | 0.1.3 | 5.58 | 176.60 | 182.18 | NOTE | |
| r-devel-linux-x86_64-fedora-clang | 0.1.3 | 19.00 | 401.39 | 420.39 | NOTE | |
| r-devel-linux-x86_64-fedora-gcc | 0.1.3 | 16.00 | 410.56 | 426.56 | NOTE | |
| r-devel-windows-x86_64 | 0.1.3 | 10.00 | 233.00 | 243.00 | NOTE | |
| r-patched-linux-x86_64 | 0.1.3 | 8.41 | 249.92 | 258.33 | NOTE | |
| r-release-linux-x86_64 | 0.1.3 | 7.66 | 250.34 | 258.00 | NOTE | |
| r-release-macos-arm64 | 0.1.3 | 3.00 | 101.00 | 104.00 | NOTE | |
| r-release-macos-x86_64 | 0.1.3 | 6.00 | 240.00 | 246.00 | NOTE | |
| r-release-windows-x86_64 | 0.1.3 | 13.00 | 238.00 | 251.00 | NOTE | |
| r-oldrel-macos-arm64 | 0.1.3 | 3.00 | 101.00 | 104.00 | NOTE | |
| r-oldrel-macos-x86_64 | 0.1.3 | 5.00 | 175.00 | 180.00 | NOTE | |
| r-oldrel-windows-x86_64 | 0.1.3 | 15.00 | 351.00 | 366.00 | NOTE | 
Version: 0.1.3
Check: Rd files
Result: NOTE
  checkRd: (-1) data_generator.Rd:93: Lost braces; missing escapes or markup?
      93 |   \item{estimand_mean}{List of means of the FULL, S_{++}, S_{*+} and
         |                                                     ^
  checkRd: (-1) data_generator.Rd:93: Lost braces; missing escapes or markup?
      93 |   \item{estimand_mean}{List of means of the FULL, S_{++}, S_{*+} and
         |                                                             ^
  checkRd: (-1) data_generator.Rd:95: Lost braces; missing escapes or markup?
      95 |   \item{estimand_sd}{List of standard deviations of the FULL, S_{++}, S_{*+}
         |                                                                 ^
  checkRd: (-1) data_generator.Rd:95: Lost braces; missing escapes or markup?
      95 |   \item{estimand_sd}{List of standard deviations of the FULL, S_{++}, S_{*+}
         |                                                                         ^
  checkRd: (-1) data_generator_loop.Rd:96: Lost braces; missing escapes or markup?
      96 |   \item{estimand_mean}{List of means of the FULL, S_{++}, S_{*+} and
         |                                                     ^
  checkRd: (-1) data_generator_loop.Rd:96: Lost braces; missing escapes or markup?
      96 |   \item{estimand_mean}{List of means of the FULL, S_{++}, S_{*+} and
         |                                                             ^
  checkRd: (-1) data_generator_loop.Rd:98: Lost braces; missing escapes or markup?
      98 |   \item{estimand_sd}{List of standard deviations of the FULL, S_{++},
         |                                                                 ^
  checkRd: (-1) data_generator_loop.Rd:99: Lost braces; missing escapes or markup?
      99 |   S_{*+} and PP estimands}
         |     ^
Flavors: r-devel-linux-x86_64-debian-clang, r-devel-linux-x86_64-debian-gcc, r-devel-linux-x86_64-fedora-clang, r-devel-linux-x86_64-fedora-gcc, r-devel-windows-x86_64, r-patched-linux-x86_64, r-release-linux-x86_64, r-release-macos-arm64, r-release-macos-x86_64, r-release-windows-x86_64, r-oldrel-macos-arm64, r-oldrel-macos-x86_64, r-oldrel-windows-x86_64