Last updated on 2025-07-08 13:49:05 CEST.
Flavor | Version | Tinstall | Tcheck | Ttotal | Status | Flags |
---|---|---|---|---|---|---|
r-devel-linux-x86_64-debian-clang | 1.1.2 | 8.71 | 62.34 | 71.05 | OK | |
r-devel-linux-x86_64-debian-gcc | 1.1.2 | 5.98 | 46.81 | 52.79 | OK | |
r-devel-linux-x86_64-fedora-clang | 1.1.2 | 107.34 | OK | |||
r-devel-linux-x86_64-fedora-gcc | 1.1.2 | 103.68 | OK | |||
r-devel-windows-x86_64 | 1.1.2 | 10.00 | 72.00 | 82.00 | OK | |
r-patched-linux-x86_64 | 1.1.2 | 7.25 | 60.56 | 67.81 | OK | |
r-release-linux-x86_64 | 1.1.2 | 7.23 | 59.59 | 66.82 | OK | |
r-release-macos-arm64 | 1.1.2 | 36.00 | OK | |||
r-release-macos-x86_64 | 1.1.2 | 70.00 | OK | |||
r-release-windows-x86_64 | 1.1.2 | 9.00 | 74.00 | 83.00 | OK | |
r-oldrel-macos-arm64 | 1.1.2 | 37.00 | NOTE | |||
r-oldrel-macos-x86_64 | 1.1.2 | 48.00 | NOTE | |||
r-oldrel-windows-x86_64 | 1.1.2 | 12.00 | 93.00 | 105.00 | NOTE |
Version: 1.1.2
Check: LazyData
Result: NOTE
'LazyData' is specified without a 'data' directory
Flavors: r-oldrel-macos-arm64, r-oldrel-macos-x86_64, r-oldrel-windows-x86_64