Last updated on 2025-10-31 13:50:46 CET.
| Flavor | Version | Tinstall | Tcheck | Ttotal | Status | Flags | 
|---|---|---|---|---|---|---|
| r-devel-linux-x86_64-debian-clang | 0.1.1 | 103.58 | 44.56 | 148.14 | OK | |
| r-devel-linux-x86_64-debian-gcc | 0.1.1 | 73.44 | 38.21 | 111.65 | OK | |
| r-devel-linux-x86_64-fedora-clang | 0.1.1 | 149.00 | 126.14 | 275.14 | OK | |
| r-devel-linux-x86_64-fedora-gcc | 0.1.1 | 600.00 | -317.76 | 282.24 | OK | |
| r-devel-windows-x86_64 | 0.1.1 | 109.00 | 97.00 | 206.00 | OK | |
| r-patched-linux-x86_64 | 0.1.1 | 103.13 | 48.81 | 151.94 | OK | |
| r-release-linux-x86_64 | 0.1.1 | 103.90 | 49.40 | 153.30 | OK | |
| r-release-macos-arm64 | 0.1.1 | 39.00 | 22.00 | 61.00 | OK | |
| r-release-macos-x86_64 | 0.1.1 | 62.00 | 57.00 | 119.00 | OK | |
| r-release-windows-x86_64 | 0.1.1 | 121.00 | 92.00 | 213.00 | OK | |
| r-oldrel-macos-arm64 | 0.1.1 | 38.00 | 27.00 | 65.00 | NOTE | |
| r-oldrel-macos-x86_64 | 0.1.1 | 55.00 | 67.00 | 122.00 | NOTE | |
| r-oldrel-windows-x86_64 | 0.1.1 | 115.00 | 107.00 | 222.00 | OK | 
Version: 0.1.1
Check: installed package size
Result: NOTE
    installed size is 17.1Mb
    sub-directories of 1Mb or more:
      libs  16.9Mb
Flavors: r-oldrel-macos-arm64, r-oldrel-macos-x86_64