Last updated on 2025-10-31 13:50:46 CET.
| Flavor | Version | Tinstall | Tcheck | Ttotal | Status | Flags | 
|---|---|---|---|---|---|---|
| r-devel-linux-x86_64-debian-clang | 0.1.2 | 26.96 | 59.38 | 86.34 | WARN | |
| r-devel-linux-x86_64-debian-gcc | 0.1.2 | 16.83 | 45.06 | 61.89 | WARN | |
| r-devel-linux-x86_64-fedora-clang | 0.1.2 | 62.00 | 80.02 | 142.02 | NOTE | |
| r-devel-linux-x86_64-fedora-gcc | 0.1.2 | 61.00 | 69.06 | 130.06 | NOTE | |
| r-devel-windows-x86_64 | 0.1.2 | 33.00 | 82.00 | 115.00 | NOTE | |
| r-patched-linux-x86_64 | 0.1.2 | 26.27 | 56.03 | 82.30 | NOTE | |
| r-release-linux-x86_64 | 0.1.2 | 26.63 | 55.78 | 82.41 | NOTE | |
| r-release-macos-arm64 | 0.1.2 | 12.00 | 36.00 | 48.00 | NOTE | |
| r-release-macos-x86_64 | 0.1.2 | 17.00 | 61.00 | 78.00 | NOTE | |
| r-release-windows-x86_64 | 0.1.2 | 36.00 | 87.00 | 123.00 | NOTE | |
| r-oldrel-macos-arm64 | 0.1.2 | 13.00 | 31.00 | 44.00 | NOTE | |
| r-oldrel-macos-x86_64 | 0.1.2 | 15.00 | 41.00 | 56.00 | NOTE | |
| r-oldrel-windows-x86_64 | 0.1.2 | 40.00 | 108.00 | 148.00 | NOTE | 
Version: 0.1.2
Check: CRAN incoming feasibility
Result: NOTE
  Maintainer: ‘Simon Mak <sm769@duke.edu>’
  
  No Authors@R field in DESCRIPTION.
  Please add one, modifying
    Authors@R: person(given = "Simon",
                      family = "Mak",
                      role = c("aut", "cre"),
                      email = "sm769@duke.edu")
  as necessary.
Flavors: r-devel-linux-x86_64-debian-clang, r-devel-linux-x86_64-debian-gcc
Version: 0.1.2
Check: whether package can be installed
Result: WARN
  Found the following significant warnings:
    /home/hornik/tmp/R.check/r-devel-clang/Work/build/Packages/RcppArmadillo/include/RcppArmadillo/version/arma.h:66:17: warning: Using fallback compilation with Armadillo 14.6.3. Please consider defining -DARMA_USE_CURRENT and also removing C++11 compilation directive. See GitHub issue #475 for more. [-W#pragma-messages]
  See ‘/home/hornik/tmp/R.check/r-devel-clang/Work/PKGS/cmenet.Rcheck/00install.out’ for details.
  * used C compiler: ‘Debian clang version 19.1.7 (7)’
  * used C++ compiler: ‘Debian clang version 19.1.7 (7)’
Flavor: r-devel-linux-x86_64-debian-clang
Version: 0.1.2
Check: C++ specification
Result: NOTE
    Specified C++11: please drop specification unless essential
Flavors: r-devel-linux-x86_64-debian-clang, r-devel-linux-x86_64-debian-gcc, r-devel-linux-x86_64-fedora-clang, r-devel-linux-x86_64-fedora-gcc, r-devel-windows-x86_64, r-patched-linux-x86_64, r-release-linux-x86_64, r-release-macos-arm64, r-release-macos-x86_64, r-release-windows-x86_64, r-oldrel-macos-arm64, r-oldrel-macos-x86_64, r-oldrel-windows-x86_64
Version: 0.1.2
Check: whether package can be installed
Result: WARN
  Found the following significant warnings:
    /home/hornik/tmp/R.check/r-devel-gcc/Work/build/Packages/RcppArmadillo/include/RcppArmadillo/version/arma.h:66:199: note: ‘#pragma message: Using fallback compilation with Armadillo 14.6.3. Please consider defining -DARMA_USE_CURRENT and also removing C++11 compilation directive. See GitHub issue #475 for more.’
  See ‘/home/hornik/tmp/R.check/r-devel-gcc/Work/PKGS/cmenet.Rcheck/00install.out’ for details.
  * used C compiler: ‘gcc-15 (Debian 15.2.0-4) 15.2.0’
  * used C++ compiler: ‘g++-15 (Debian 15.2.0-4) 15.2.0’
Flavor: r-devel-linux-x86_64-debian-gcc
Version: 0.1.2
Check: dependencies in R code
Result: NOTE
  Namespace in Imports field not imported from: ‘MASS’
    All declared Imports should be used.
Flavors: r-devel-linux-x86_64-fedora-clang, r-devel-linux-x86_64-fedora-gcc