Last updated on 2025-10-31 13:50:46 CET.
| Flavor | Version | Tinstall | Tcheck | Ttotal | Status | Flags | 
|---|---|---|---|---|---|---|
| r-devel-linux-x86_64-debian-clang | 1.1.1 | 1.36 | 18.73 | 20.09 | NOTE | |
| r-devel-linux-x86_64-debian-gcc | 1.1.1 | 1.32 | 16.24 | 17.56 | NOTE | |
| r-devel-linux-x86_64-fedora-clang | 1.1.1 | 27.77 | OK | |||
| r-devel-linux-x86_64-fedora-gcc | 1.1.1 | 26.23 | OK | |||
| r-devel-windows-x86_64 | 1.1.1 | 3.00 | 32.00 | 35.00 | OK | |
| r-patched-linux-x86_64 | 1.1.1 | 1.55 | 16.40 | 17.95 | OK | |
| r-release-linux-x86_64 | 1.1.1 | 1.44 | 16.65 | 18.09 | OK | |
| r-release-macos-arm64 | 1.1.1 | 1.00 | 13.00 | 14.00 | OK | |
| r-release-macos-x86_64 | 1.1.1 | 1.00 | 20.00 | 21.00 | OK | |
| r-release-windows-x86_64 | 1.1.1 | 3.00 | 35.00 | 38.00 | OK | |
| r-oldrel-macos-arm64 | 1.1.1 | 1.00 | 18.00 | 19.00 | OK | |
| r-oldrel-macos-x86_64 | 1.1.1 | 1.00 | 23.00 | 24.00 | OK | |
| r-oldrel-windows-x86_64 | 1.1.1 | 2.00 | 34.00 | 36.00 | OK | 
Version: 1.1.1
Check: CRAN incoming feasibility
Result: NOTE
  Maintainer: ‘Thiyanga Talagala <thiyanga.talagala@monash.edu>’
  
  No Authors@R field in DESCRIPTION.
  Please add one, modifying
    Authors@R: person(given = "Thiyanga",
                      family = "Talagala",
                      role = c("aut", "cre"),
                      email = "thiyanga.talagala@monash.edu")
  as necessary.
Flavors: r-devel-linux-x86_64-debian-clang, r-devel-linux-x86_64-debian-gcc