Last updated on 2025-07-17 01:49:44 CEST.
Flavor | Version | Tinstall | Tcheck | Ttotal | Status | Flags |
---|---|---|---|---|---|---|
r-devel-linux-x86_64-debian-clang | 1.0.6 | 431.36 | 179.99 | 611.35 | OK | |
r-devel-linux-x86_64-debian-gcc | 1.0.6 | 412.99 | 167.22 | 580.21 | OK | |
r-devel-linux-x86_64-fedora-clang | 1.0.6 | 924.51 | OK | |||
r-devel-linux-x86_64-fedora-gcc | 1.0.6 | 1274.60 | OK | |||
r-devel-windows-x86_64 | 1.0.6 | 491.00 | 228.00 | 719.00 | OK | |
r-patched-linux-x86_64 | 1.0.6 | 543.87 | 221.59 | 765.46 | OK | |
r-release-linux-x86_64 | 1.0.6 | 554.43 | 221.82 | 776.25 | OK | |
r-release-macos-arm64 | 1.0.6 | 228.00 | OK | |||
r-release-macos-x86_64 | 1.0.6 | 349.00 | OK | |||
r-release-windows-x86_64 | 1.0.6 | 492.00 | 236.00 | 728.00 | OK | |
r-oldrel-macos-arm64 | 1.0.6 | 141.00 | NOTE | |||
r-oldrel-macos-x86_64 | 1.0.6 | 152.00 | NOTE | |||
r-oldrel-windows-x86_64 | 1.0.6 | 552.00 | 299.00 | 851.00 | NOTE |
Version: 1.0.6
Check: installed package size
Result: NOTE
installed size is 101.0Mb
sub-directories of 1Mb or more:
libs 99.8Mb
Flavors: r-oldrel-macos-arm64, r-oldrel-macos-x86_64, r-oldrel-windows-x86_64
Version: 1.0.6
Check: for GNU extensions in Makefiles
Result: NOTE
GNU make is a SystemRequirements.
Flavors: r-oldrel-macos-arm64, r-oldrel-macos-x86_64, r-oldrel-windows-x86_64