Last updated on 2025-10-31 13:50:46 CET.
| Flavor | Version | Tinstall | Tcheck | Ttotal | Status | Flags | 
|---|---|---|---|---|---|---|
| r-devel-linux-x86_64-debian-clang | 0.3.5 | 3.64 | 50.04 | 53.68 | NOTE | |
| r-devel-linux-x86_64-debian-gcc | 0.3.5 | 3.03 | 38.16 | 41.19 | NOTE | |
| r-devel-linux-x86_64-fedora-clang | 0.3.5 | 77.30 | NOTE | |||
| r-devel-linux-x86_64-fedora-gcc | 0.3.5 | 89.75 | NOTE | |||
| r-devel-windows-x86_64 | 0.3.5 | 6.00 | 80.00 | 86.00 | NOTE | |
| r-patched-linux-x86_64 | 0.3.5 | 3.17 | 46.50 | 49.67 | NOTE | |
| r-release-linux-x86_64 | 0.3.5 | 3.50 | 46.39 | 49.89 | NOTE | |
| r-release-macos-arm64 | 0.3.5 | 2.00 | 44.00 | 46.00 | NOTE | |
| r-release-macos-x86_64 | 0.3.5 | 4.00 | 66.00 | 70.00 | NOTE | |
| r-release-windows-x86_64 | 0.3.5 | 6.00 | 83.00 | 89.00 | NOTE | |
| r-oldrel-macos-arm64 | 0.3.5 | 2.00 | 32.00 | 34.00 | NOTE | |
| r-oldrel-macos-x86_64 | 0.3.5 | 3.00 | 50.00 | 53.00 | NOTE | |
| r-oldrel-windows-x86_64 | 0.3.5 | 8.00 | 94.00 | 102.00 | NOTE | 
Version: 0.3.5
Check: Rd files
Result: NOTE
  checkRd: (-1) parse.extra.Rd:5: Lost braces
       5 | \title{Parse the configuration {{var}} format, and replace it by extra.list values}
         |                                ^
  checkRd: (-1) parse.extra.Rd:40: Lost braces
      40 | Parse the configuration {{var}} format, and replace it by extra.list values
         |                         ^
  checkRd: (-1) parse.extra.Rd:21: Lost braces
      21 | \item{extra.list}{A list that can replace the configuration file '{{debug}}' by list(debug = TRUE), and {{debug}} will be setted to TRUE}
         |                                                                   ^
  checkRd: (-1) parse.extra.Rd:21: Lost braces
      21 | \item{extra.list}{A list that can replace the configuration file '{{debug}}' by list(debug = TRUE), and {{debug}} will be setted to TRUE}
         |                                                                                                         ^
  checkRd: (-1) parse.extra.Rd:23: Lost braces
      23 | \item{other.config}{Path of another configuration file that can replace the configuration file '{{key:value}}'}
         |                                                                                                 ^
  checkRd: (-1) parse.extra.Rd:29: Lost braces
      29 | \item{glue.parse}{Logical wheather parse '!!glue{1:5}' in config to ['1','2','3','4','5']; 
         |                                                 ^
  checkRd: (-1) read.config.Rd:25: Lost braces
      25 | \item{extra.list}{A list that can replace the configuration file '{{debug}}' by list(debug = 'TRUE'), 
         |                                                                   ^
  checkRd: (-1) read.config.Rd:26: Lost braces
      26 | and {{debug}} will be setted to 'TRUE'}
         |     ^
  checkRd: (-1) read.config.Rd:28: Lost braces
      28 | \item{other.config}{Path of another configuration file that can replace the configuration file '{{key:value}}'}
         |                                                                                                 ^
  checkRd: (-1) read.config.Rd:34: Lost braces
      34 | \item{glue.parse}{Logical wheather parse '!!glue{1:5}' in config to ['1','2','3','4','5']; 
         |                                                 ^
Flavors: r-devel-linux-x86_64-debian-clang, r-devel-linux-x86_64-debian-gcc, r-devel-linux-x86_64-fedora-clang, r-devel-linux-x86_64-fedora-gcc, r-devel-windows-x86_64, r-patched-linux-x86_64, r-release-linux-x86_64, r-release-macos-arm64, r-release-macos-x86_64, r-release-windows-x86_64, r-oldrel-macos-arm64, r-oldrel-macos-x86_64, r-oldrel-windows-x86_64
Version: 0.3.5
Check: LazyData
Result: NOTE
    'LazyData' is specified without a 'data' directory
Flavors: r-oldrel-macos-arm64, r-oldrel-macos-x86_64, r-oldrel-windows-x86_64