Last updated on 2025-10-31 13:50:46 CET.
| Flavor | Version | Tinstall | Tcheck | Ttotal | Status | Flags | 
|---|---|---|---|---|---|---|
| r-devel-linux-x86_64-debian-clang | 1.0.1 | 4.03 | 47.12 | 51.15 | OK | |
| r-devel-linux-x86_64-debian-gcc | 1.0.1 | 3.19 | 35.83 | 39.02 | OK | |
| r-devel-linux-x86_64-fedora-clang | 1.0.1 | 18.00 | 65.77 | 83.77 | OK | |
| r-devel-linux-x86_64-fedora-gcc | 1.0.1 | 28.00 | 70.93 | 98.93 | OK | |
| r-devel-windows-x86_64 | 1.0.1 | 7.00 | 82.00 | 89.00 | OK | |
| r-patched-linux-x86_64 | 1.0.1 | 4.37 | 43.49 | 47.86 | OK | |
| r-release-linux-x86_64 | 1.0.0 | 3.58 | 43.94 | 47.52 | NOTE | |
| r-release-macos-arm64 | 1.0.1 | 2.00 | 29.00 | 31.00 | OK | |
| r-release-macos-x86_64 | 1.0.1 | 8.00 | 127.00 | 135.00 | OK | |
| r-release-windows-x86_64 | 1.0.1 | 7.00 | 61.00 | 68.00 | OK | |
| r-oldrel-macos-arm64 | 1.0.1 | 2.00 | 33.00 | 35.00 | OK | |
| r-oldrel-macos-x86_64 | 1.0.1 | 10.00 | 143.00 | 153.00 | OK | |
| r-oldrel-windows-x86_64 | 1.0.1 | 8.00 | 72.00 | 80.00 | OK | 
Version: 1.0.0
Check: Rd cross-references
Result: NOTE
  Found the following Rd file(s) with Rd \link{} targets missing package
  anchors:
    polycorr.Rd: polychor
    tetracorr.Rd: polychor
  Please provide package anchors for all Rd \link{} targets not in the
  package itself and the base packages.
Flavor: r-release-linux-x86_64