Last updated on 2025-10-31 13:50:46 CET.
| Flavor | Version | Tinstall | Tcheck | Ttotal | Status | Flags | 
|---|---|---|---|---|---|---|
| r-devel-linux-x86_64-debian-clang | 0.1.0 | 1.69 | 57.30 | 58.99 | NOTE | |
| r-devel-linux-x86_64-debian-gcc | 0.1.0 | 1.51 | 36.98 | 38.49 | NOTE | |
| r-devel-linux-x86_64-fedora-clang | 0.1.0 | 93.60 | OK | |||
| r-devel-linux-x86_64-fedora-gcc | 0.1.0 | 91.28 | OK | |||
| r-devel-windows-x86_64 | 0.1.0 | 3.00 | 61.00 | 64.00 | OK | |
| r-patched-linux-x86_64 | 0.1.0 | 2.16 | 52.57 | 54.73 | OK | |
| r-release-linux-x86_64 | 0.1.0 | 2.00 | 52.49 | 54.49 | OK | |
| r-release-macos-arm64 | 0.1.0 | 1.00 | 33.00 | 34.00 | OK | |
| r-release-macos-x86_64 | 0.1.0 | 2.00 | 50.00 | 52.00 | OK | |
| r-release-windows-x86_64 | 0.1.0 | 3.00 | 67.00 | 70.00 | OK | |
| r-oldrel-macos-arm64 | 0.1.0 | 1.00 | 29.00 | 30.00 | NOTE | |
| r-oldrel-macos-x86_64 | 0.1.0 | 2.00 | 46.00 | 48.00 | NOTE | |
| r-oldrel-windows-x86_64 | 0.1.0 | 3.00 | 64.00 | 67.00 | NOTE | 
Version: 0.1.0
Check: CRAN incoming feasibility
Result: NOTE
  Maintainer: ‘Timo Adam <timo.adam@uni-bielefeld.de>’
  
  No Authors@R field in DESCRIPTION.
  Please add one, modifying
    Authors@R: person(given = "Timo",
                      family = "Adam",
                      role = c("aut", "cre"),
                      email = "timo.adam@uni-bielefeld.de")
  as necessary.
  
  The Description field contains
    Hidden Markov Models for Time Series of Counts. <arXiv:1901.03275>.
  Please refer to arXiv e-prints via their arXiv DOI <doi:10.48550/arXiv.YYMM.NNNNN>.
  
  Found the following URLs which should use \doi (with the DOI name only):
    File ‘psRes.Rd’:
      https://doi.org/10.1201/b20790
    File ‘stateDec.Rd’:
      https://doi.org/10.1201/b20790
Flavors: r-devel-linux-x86_64-debian-clang, r-devel-linux-x86_64-debian-gcc
Version: 0.1.0
Check: LazyData
Result: NOTE
    'LazyData' is specified without a 'data' directory
Flavors: r-oldrel-macos-arm64, r-oldrel-macos-x86_64, r-oldrel-windows-x86_64