Last updated on 2025-11-27 13:48:33 CET.
| Flavor | Version | Tinstall | Tcheck | Ttotal | Status | Flags |
|---|---|---|---|---|---|---|
| r-devel-linux-x86_64-debian-clang | 0.1.2 | 0.32 | 3.25 | 3.57 | ERROR | |
| r-devel-linux-x86_64-debian-gcc | 0.1.2 | 0.30 | 2.88 | 3.18 | ERROR | |
| r-devel-linux-x86_64-fedora-clang | 0.1.2 | 59.68 | NOTE | |||
| r-devel-linux-x86_64-fedora-gcc | 0.1.2 | 12.00 | 62.79 | 74.79 | NOTE | |
| r-devel-windows-x86_64 | 0.1.2 | 13.00 | 55.00 | 68.00 | OK | |
| r-patched-linux-x86_64 | 0.1.2 | 0.37 | 2.07 | 2.44 | ERROR | |
| r-release-linux-x86_64 | 0.1.2 | 3.80 | 32.96 | 36.76 | OK | |
| r-release-macos-arm64 | 0.1.2 | OK | ||||
| r-release-macos-x86_64 | 0.1.2 | 4.00 | 47.00 | 51.00 | OK | |
| r-release-windows-x86_64 | 0.1.2 | 6.00 | 55.00 | 61.00 | OK | |
| r-oldrel-macos-arm64 | 0.1.2 | OK | ||||
| r-oldrel-macos-x86_64 | 0.1.2 | 4.00 | 38.00 | 42.00 | OK | |
| r-oldrel-windows-x86_64 | 0.1.2 | 8.00 | 63.00 | 71.00 | OK |
Version: 0.1.2
Check: package dependencies
Result: ERROR
Package required but not available: ‘mapview’
See section ‘The DESCRIPTION file’ in the ‘Writing R Extensions’
manual.
Flavors: r-devel-linux-x86_64-debian-clang, r-devel-linux-x86_64-debian-gcc, r-patched-linux-x86_64
Version: 0.1.2
Check: dependencies in R code
Result: NOTE
Namespaces in Imports field not imported from:
‘mapview’ ‘plotly’
All declared Imports should be used.
Flavors: r-devel-linux-x86_64-fedora-clang, r-devel-linux-x86_64-fedora-gcc